CRAN Package Check Results for Package TLBC

Last updated on 2018-05-23 20:48:58 CEST.

Flavor Version Tinstall Tcheck Ttotal Status Flags
r-devel-linux-x86_64-debian-clang 1.0 9.96 120.40 130.36 OK
r-devel-linux-x86_64-debian-gcc 1.0 0.32 1.32 1.64 ERROR
r-devel-linux-x86_64-fedora-clang 1.0 164.01 OK
r-devel-linux-x86_64-fedora-gcc 1.0 157.92 OK
r-devel-windows-ix86+x86_64 1.0 19.00 123.00 142.00 OK
r-patched-linux-x86_64 1.0 8.93 100.81 109.74 OK
r-patched-solaris-x86 1.0 202.70 OK
r-release-linux-x86_64 1.0 8.69 99.96 108.65 OK
r-release-windows-ix86+x86_64 1.0 36.00 171.00 207.00 OK
r-release-osx-x86_64 1.0 OK
r-oldrel-windows-ix86+x86_64 1.0 28.00 156.00 184.00 OK
r-oldrel-osx-x86_64 1.0 OK

Check Details

Version: 1.0
Check: package dependencies
Result: ERROR
    Package required but not available: ‘caret’
    
    See section ‘The DESCRIPTION file’ in the ‘Writing R Extensions’
    manual.
Flavor: r-devel-linux-x86_64-debian-gcc