CRAN Package Check Results for Package TMDb

Last updated on 2022-12-10 07:57:07 CET.

Flavor Version Tinstall Tcheck Ttotal Status Flags
r-devel-linux-x86_64-debian-clang 1.1 5.40 49.68 55.08 NOTE
r-devel-linux-x86_64-debian-gcc 1.1 3.68 40.03 43.71 NOTE
r-devel-linux-x86_64-fedora-clang 1.1 75.98 NOTE
r-devel-linux-x86_64-fedora-gcc 1.1 73.72 NOTE
r-devel-windows-x86_64 1.1 24.00 105.00 129.00 NOTE
r-patched-linux-x86_64 1.1 7.32 42.81 50.13 NOTE
r-release-linux-x86_64 1.1 4.62 43.43 48.05 NOTE
r-release-macos-arm64 1.1 20.00 NOTE
r-release-macos-x86_64 1.1 30.00 NOTE
r-release-windows-x86_64 1.1 34.00 91.00 125.00 NOTE
r-oldrel-macos-arm64 1.1 28.00 NOTE
r-oldrel-macos-x86_64 1.1 35.00 NOTE
r-oldrel-windows-ix86+x86_64 1.1 11.00 67.00 78.00 NOTE

Check Details

Version: 1.1
Check: LazyData
Result: NOTE
     'LazyData' is specified without a 'data' directory
Flavors: r-devel-linux-x86_64-debian-clang, r-devel-linux-x86_64-debian-gcc, r-devel-linux-x86_64-fedora-clang, r-devel-linux-x86_64-fedora-gcc, r-devel-windows-x86_64, r-patched-linux-x86_64, r-release-linux-x86_64, r-release-macos-arm64, r-release-macos-x86_64, r-release-windows-x86_64, r-oldrel-macos-arm64, r-oldrel-macos-x86_64, r-oldrel-windows-ix86+x86_64