CRAN Package Check Results for Package TNC

Last updated on 2018-02-21 12:48:06 CET.

Flavor Version Tinstall Tcheck Ttotal Status Flags
r-devel-linux-x86_64-debian-clang 0.1.0 1.27 19.12 20.39 NOTE
r-devel-linux-x86_64-debian-gcc 0.1.0 1.13 15.28 16.41 NOTE
r-devel-linux-x86_64-fedora-clang 0.1.0 25.08 NOTE
r-devel-linux-x86_64-fedora-gcc 0.1.0 23.07 NOTE
r-devel-windows-ix86+x86_64 0.1.0 3.00 31.00 34.00 OK
r-patched-linux-x86_64 0.1.0 0.72 20.77 21.49 OK
r-patched-solaris-x86 0.1.0 36.50 OK
r-release-linux-x86_64 0.1.0 0.78 20.42 21.20 OK
r-release-windows-ix86+x86_64 0.1.0 5.00 42.00 47.00 OK
r-release-osx-x86_64 0.1.0 OK
r-oldrel-osx-x86_64 0.1.0 ERROR

Check Details

Version: 0.1.0
Check: DESCRIPTION meta-information
Result: NOTE
    Dependence on R version ‘3.4.1’ not with patchlevel 0
Flavors: r-devel-linux-x86_64-debian-clang, r-devel-linux-x86_64-debian-gcc, r-devel-linux-x86_64-fedora-clang, r-devel-linux-x86_64-fedora-gcc

Version: 0.1.0
Check: whether package can be installed
Result: ERROR
    Installation failed.
Flavor: r-oldrel-osx-x86_64