CRAN Package Check Results for Package TNC

Last updated on 2019-02-16 12:02:47 CET.

Flavor Version Tinstall Tcheck Ttotal Status Flags
r-devel-linux-x86_64-debian-clang 0.1.0 2.01 20.82 22.83 NOTE
r-devel-linux-x86_64-debian-gcc 0.1.0 1.49 16.78 18.27 NOTE
r-devel-linux-x86_64-fedora-clang 0.1.0 26.92 NOTE
r-devel-linux-x86_64-fedora-gcc 0.1.0 26.13 NOTE
r-devel-windows-ix86+x86_64 0.1.0 8.00 43.00 51.00 OK
r-patched-linux-x86_64 0.1.0 1.49 19.62 21.11 NOTE
r-patched-solaris-x86 0.1.0 41.00 OK
r-release-linux-x86_64 0.1.0 1.28 19.31 20.59 NOTE
r-release-windows-ix86+x86_64 0.1.0 2.00 54.00 56.00 OK
r-release-osx-x86_64 0.1.0 OK
r-oldrel-windows-ix86+x86_64 0.1.0 5.00 71.00 76.00 OK
r-oldrel-osx-x86_64 0.1.0 OK

Check Details

Version: 0.1.0
Check: DESCRIPTION meta-information
Result: NOTE
    Dependence on R version ‘3.4.1’ not with patchlevel 0
Flavors: r-devel-linux-x86_64-debian-clang, r-devel-linux-x86_64-debian-gcc, r-devel-linux-x86_64-fedora-clang, r-devel-linux-x86_64-fedora-gcc, r-patched-linux-x86_64, r-release-linux-x86_64