CRAN Package Check Results for Package TNC

Last updated on 2018-05-26 10:49:44 CEST.

Flavor Version Tinstall Tcheck Ttotal Status Flags
r-devel-linux-x86_64-debian-clang 0.1.0 1.23 20.36 21.59 NOTE
r-devel-linux-x86_64-debian-gcc 0.1.0 1.32 16.05 17.37 NOTE
r-devel-linux-x86_64-fedora-clang 0.1.0 26.65 NOTE
r-devel-linux-x86_64-fedora-gcc 0.1.0 24.77 NOTE
r-devel-windows-ix86+x86_64 0.1.0 3.00 42.00 45.00 OK
r-patched-linux-x86_64 0.1.0 1.59 19.17 20.76 NOTE
r-patched-solaris-x86 0.1.0 39.60 OK
r-release-linux-x86_64 0.1.0 1.45 19.20 20.65 NOTE
r-release-windows-ix86+x86_64 0.1.0 4.00 32.00 36.00 OK
r-release-osx-x86_64 0.1.0 OK
r-oldrel-windows-ix86+x86_64 0.1.0 4.00 29.00 33.00 OK
r-oldrel-osx-x86_64 0.1.0 OK

Check Details

Version: 0.1.0
Check: DESCRIPTION meta-information
Result: NOTE
    Dependence on R version ‘3.4.1’ not with patchlevel 0
Flavors: r-devel-linux-x86_64-debian-clang, r-devel-linux-x86_64-debian-gcc, r-devel-linux-x86_64-fedora-clang, r-devel-linux-x86_64-fedora-gcc, r-patched-linux-x86_64, r-release-linux-x86_64