CRAN Package Check Results for Package TNC

Last updated on 2018-11-17 06:47:02 CET.

Flavor Version Tinstall Tcheck Ttotal Status Flags
r-devel-linux-x86_64-debian-clang 0.1.0 1.47 20.20 21.67 NOTE
r-devel-linux-x86_64-debian-gcc 0.1.0 1.14 16.72 17.86 NOTE
r-devel-linux-x86_64-fedora-clang 0.1.0 25.98 NOTE
r-devel-linux-x86_64-fedora-gcc 0.1.0 24.41 NOTE
r-devel-windows-ix86+x86_64 0.1.0 4.00 44.00 48.00 OK
r-patched-linux-x86_64 0.1.0 1.49 19.50 20.99 NOTE
r-patched-solaris-x86 0.1.0 41.60 OK
r-release-linux-x86_64 0.1.0 1.60 19.58 21.18 NOTE
r-release-windows-ix86+x86_64 0.1.0 4.00 49.00 53.00 OK
r-release-osx-x86_64 0.1.0 OK
r-oldrel-windows-ix86+x86_64 0.1.0 4.00 47.00 51.00 OK
r-oldrel-osx-x86_64 0.1.0 OK

Check Details

Version: 0.1.0
Check: DESCRIPTION meta-information
Result: NOTE
    Dependence on R version ‘3.4.1’ not with patchlevel 0
Flavors: r-devel-linux-x86_64-debian-clang, r-devel-linux-x86_64-debian-gcc, r-devel-linux-x86_64-fedora-clang, r-devel-linux-x86_64-fedora-gcc, r-patched-linux-x86_64, r-release-linux-x86_64