CRAN Package Check Results for Package TNC

Last updated on 2018-08-19 07:47:41 CEST.

Flavor Version Tinstall Tcheck Ttotal Status Flags
r-devel-linux-x86_64-debian-clang 0.1.0 1.42 20.78 22.20 NOTE
r-devel-linux-x86_64-debian-gcc 0.1.0 1.27 16.95 18.22 NOTE
r-devel-linux-x86_64-fedora-clang 0.1.0 26.54 NOTE
r-devel-linux-x86_64-fedora-gcc 0.1.0 25.10 NOTE
r-devel-windows-ix86+x86_64 0.1.0 5.00 32.00 37.00 OK
r-patched-linux-x86_64 0.1.0 1.64 19.53 21.17 NOTE
r-patched-solaris-x86 0.1.0 41.90 OK
r-release-linux-x86_64 0.1.0 1.35 19.32 20.67 NOTE
r-release-windows-ix86+x86_64 0.1.0 4.00 41.00 45.00 OK
r-release-osx-x86_64 0.1.0 OK
r-oldrel-windows-ix86+x86_64 0.1.0 2.00 32.00 34.00 OK
r-oldrel-osx-x86_64 0.1.0 OK

Check Details

Version: 0.1.0
Check: DESCRIPTION meta-information
Result: NOTE
    Dependence on R version ‘3.4.1’ not with patchlevel 0
Flavors: r-devel-linux-x86_64-debian-clang, r-devel-linux-x86_64-debian-gcc, r-devel-linux-x86_64-fedora-clang, r-devel-linux-x86_64-fedora-gcc, r-patched-linux-x86_64, r-release-linux-x86_64