Last updated on 2023-12-03 06:49:12 CET.
Flavor | Version | Tinstall | Tcheck | Ttotal | Status | Flags |
---|---|---|---|---|---|---|
r-devel-linux-x86_64-debian-clang | 0.3.0 | 8.46 | 83.87 | 92.33 | OK | |
r-devel-linux-x86_64-debian-gcc | 0.3.0 | 7.16 | 66.22 | 73.38 | OK | |
r-devel-linux-x86_64-fedora-clang | 0.3.0 | 113.38 | NOTE | |||
r-devel-linux-x86_64-fedora-gcc | 0.3.0 | 114.57 | NOTE | |||
r-devel-windows-x86_64 | 0.3.0 | 9.00 | 155.00 | 164.00 | OK | |
r-patched-linux-x86_64 | 0.3.0 | 8.06 | 85.50 | 93.56 | OK | |
r-release-linux-x86_64 | 0.3.0 | 8.15 | 84.34 | 92.49 | OK | |
r-release-macos-arm64 | 0.3.0 | 40.00 | OK | |||
r-release-macos-x86_64 | 0.3.0 | 67.00 | OK | |||
r-release-windows-x86_64 | 0.3.0 | 11.00 | 94.00 | 105.00 | OK | |
r-oldrel-macos-arm64 | 0.3.0 | 35.00 | OK | |||
r-oldrel-macos-x86_64 | 0.3.0 | 52.00 | OK | |||
r-oldrel-windows-x86_64 | 0.3.0 | 11.00 | 148.00 | 159.00 | OK |
Version: 0.3.0
Check: dependencies in R code
Result: NOTE
Namespace in Imports field not imported from: ‘hdi’
All declared Imports should be used.
Flavors: r-devel-linux-x86_64-fedora-clang, r-devel-linux-x86_64-fedora-gcc