CRAN Package Check Results for Package TPD

Last updated on 2022-06-30 03:53:37 CEST.

Flavor Version Tinstall Tcheck Ttotal Status Flags
r-devel-linux-x86_64-debian-clang 1.1.0 11.52 172.13 183.65 NOTE
r-devel-linux-x86_64-debian-gcc 1.1.0 9.51 126.52 136.03 NOTE
r-devel-linux-x86_64-fedora-clang 1.1.0 220.62 NOTE
r-devel-linux-x86_64-fedora-gcc 1.1.0 219.83 NOTE
r-devel-windows-x86_64 1.1.0 21.00 436.00 457.00 NOTE
r-patched-linux-x86_64 1.1.0 12.05 159.91 171.96 NOTE
r-release-linux-x86_64 1.1.0 11.45 164.02 175.47 NOTE
r-release-macos-arm64 1.1.0 68.00 NOTE
r-release-macos-x86_64 1.1.0 149.00 NOTE
r-release-windows-x86_64 1.1.0 20.00 202.00 222.00 NOTE
r-oldrel-macos-arm64 1.1.0 89.00 NOTE
r-oldrel-macos-x86_64 1.1.0 111.00 NOTE
r-oldrel-windows-ix86+x86_64 1.1.0 27.00 196.00 223.00 NOTE

Check Details

Version: 1.1.0
Check: LazyData
Result: NOTE
     'LazyData' is specified without a 'data' directory
Flavors: r-devel-linux-x86_64-debian-clang, r-devel-linux-x86_64-debian-gcc, r-devel-linux-x86_64-fedora-clang, r-devel-linux-x86_64-fedora-gcc, r-devel-windows-x86_64, r-patched-linux-x86_64, r-release-linux-x86_64, r-release-macos-arm64, r-release-macos-x86_64, r-release-windows-x86_64, r-oldrel-macos-arm64, r-oldrel-macos-x86_64, r-oldrel-windows-ix86+x86_64