Last updated on 2022-06-30 22:55:44 CEST.
Flavor | Version | Tinstall | Tcheck | Ttotal | Status | Flags |
---|---|---|---|---|---|---|
r-devel-linux-x86_64-debian-clang | 1.3 | 16.33 | 115.57 | 131.90 | WARN | |
r-devel-linux-x86_64-debian-gcc | 1.3 | 10.89 | 89.13 | 100.02 | WARN | |
r-devel-linux-x86_64-fedora-clang | 1.3 | 163.23 | WARN | |||
r-devel-linux-x86_64-fedora-gcc | 1.3 | 165.98 | WARN | |||
r-devel-windows-x86_64 | 1.3 | 46.00 | 163.00 | 209.00 | WARN | |
r-patched-linux-x86_64 | 1.3 | 13.63 | 112.04 | 125.67 | OK | |
r-release-linux-x86_64 | 1.3 | 13.20 | 112.35 | 125.55 | OK | |
r-release-macos-arm64 | 1.3 | 44.00 | NOTE | |||
r-release-macos-x86_64 | 1.3 | 70.00 | NOTE | |||
r-release-windows-x86_64 | 1.3 | 48.00 | 165.00 | 213.00 | OK | |
r-oldrel-macos-arm64 | 1.3 | 58.00 | NOTE | |||
r-oldrel-macos-x86_64 | 1.3 | 77.00 | NOTE | |||
r-oldrel-windows-ix86+x86_64 | 1.3 | 29.00 | 155.00 | 184.00 | OK |
Version: 1.3
Check: Rd files
Result: WARN
checkRd: (-1) JJ.Rd:4: Escaped LaTeX specials: \&
checkRd: (-1) JJ.Rd:6: Escaped LaTeX specials: \&
checkRd: (-1) SP.Rd:4: Escaped LaTeX specials: \&
checkRd: (5) arima.Rd:37-40: \item in \arguments must have non-empty label
checkRd: (5) arimax.Rd:36-39: \item in \arguments must have non-empty label
checkRd: (-1) deere1.Rd:4: Escaped LaTeX specials: \&
checkRd: (-1) deere1.Rd:7: Escaped LaTeX specials: \&
checkRd: (-1) deere1.Rd:16: Escaped LaTeX specials: \&
checkRd: (-1) deere2.Rd:4: Escaped LaTeX specials: \&
checkRd: (-1) deere2.Rd:14: Escaped LaTeX specials: \&
checkRd: (-1) deere3.Rd:4: Escaped LaTeX specials: \&
checkRd: (-1) deere3.Rd:14: Escaped LaTeX specials: \&
checkRd: (-1) gold.Rd:6: Escaped LaTeX specials: \$
checkRd: (-1) oilfilters.Rd:8: Escaped LaTeX specials: \&
checkRd: (-1) oilfilters.Rd:19: Escaped LaTeX specials: \&
checkRd: (-1) robot.Rd:15: Escaped LaTeX specials: \&
Flavors: r-devel-linux-x86_64-debian-clang, r-devel-linux-x86_64-debian-gcc, r-devel-linux-x86_64-fedora-clang, r-devel-linux-x86_64-fedora-gcc, r-devel-windows-x86_64
Version: 1.3
Check: HTML version of manual
Result: NOTE
Found the following problems:
arima.Rd:96:38: Warning: trimming empty <code>
arimax.Rd:95:38: Warning: trimming empty <code>
Flavors: r-devel-linux-x86_64-debian-clang, r-devel-linux-x86_64-debian-gcc
Version: 1.3
Check: dependencies in R code
Result: NOTE
Namespace in Imports field not imported from: ‘tseries’
All declared Imports should be used.
Flavors: r-devel-linux-x86_64-fedora-clang, r-devel-linux-x86_64-fedora-gcc, r-release-macos-arm64, r-release-macos-x86_64, r-oldrel-macos-arm64, r-oldrel-macos-x86_64