CRAN Package Check Results for Package TSCS

Last updated on 2023-09-28 10:56:59 CEST.

Flavor Version Tinstall Tcheck Ttotal Status Flags
r-devel-linux-x86_64-debian-clang 0.1.1 10.94 71.58 82.52 NOTE
r-devel-linux-x86_64-debian-gcc 0.1.1 7.83 53.85 61.68 NOTE
r-devel-linux-x86_64-fedora-clang 0.1.1 98.00 NOTE
r-devel-linux-x86_64-fedora-gcc 0.1.1 110.71 NOTE
r-devel-windows-x86_64 0.1.1 9.00 193.00 202.00 NOTE
r-patched-linux-x86_64 0.1.1 8.26 57.58 65.84 NOTE
r-release-linux-x86_64 0.1.1 6.00 68.03 74.03 NOTE
r-release-macos-arm64 0.1.1 35.00 NOTE
r-release-macos-x86_64 0.1.1 52.00 NOTE
r-release-windows-x86_64 0.1.1 13.00 237.00 250.00 NOTE
r-oldrel-macos-arm64 0.1.1 30.00 NOTE
r-oldrel-macos-x86_64 0.1.1 57.00 NOTE
r-oldrel-windows-x86_64 0.1.1 14.00 82.00 96.00 NOTE

Check Details

Version: 0.1.1
Check: LazyData
Result: NOTE
     'LazyData' is specified without a 'data' directory
Flavors: r-devel-linux-x86_64-debian-clang, r-devel-linux-x86_64-debian-gcc, r-devel-linux-x86_64-fedora-clang, r-devel-linux-x86_64-fedora-gcc, r-devel-windows-x86_64, r-patched-linux-x86_64, r-release-linux-x86_64, r-release-macos-arm64, r-release-macos-x86_64, r-release-windows-x86_64, r-oldrel-macos-arm64, r-oldrel-macos-x86_64, r-oldrel-windows-x86_64