CRAN Package Check Results for Package TSCS

Last updated on 2022-11-28 17:53:09 CET.

Flavor Version Tinstall Tcheck Ttotal Status Flags
r-devel-linux-x86_64-debian-clang 0.1.1 9.89 77.46 87.35 NOTE
r-devel-linux-x86_64-debian-gcc 0.1.1 6.45 57.72 64.17 NOTE
r-devel-linux-x86_64-fedora-clang 0.1.1 116.93 NOTE
r-devel-linux-x86_64-fedora-gcc 0.1.1 116.90 NOTE
r-devel-windows-x86_64 0.1.1 14.00 105.00 119.00 NOTE
r-patched-linux-x86_64 0.1.1 8.30 70.54 78.84 NOTE
r-release-linux-x86_64 0.1.1 8.46 73.49 81.95 NOTE
r-release-macos-arm64 0.1.1 30.00 NOTE
r-release-macos-x86_64 0.1.1 57.00 NOTE
r-release-windows-x86_64 0.1.1 21.00 110.00 131.00 NOTE
r-oldrel-macos-arm64 0.1.1 41.00 NOTE
r-oldrel-macos-x86_64 0.1.1 62.00 NOTE
r-oldrel-windows-ix86+x86_64 0.1.1 23.00 421.00 444.00 NOTE

Check Details

Version: 0.1.1
Check: LazyData
Result: NOTE
     'LazyData' is specified without a 'data' directory
Flavors: r-devel-linux-x86_64-debian-clang, r-devel-linux-x86_64-debian-gcc, r-devel-linux-x86_64-fedora-clang, r-devel-linux-x86_64-fedora-gcc, r-devel-windows-x86_64, r-patched-linux-x86_64, r-release-linux-x86_64, r-release-macos-arm64, r-release-macos-x86_64, r-release-windows-x86_64, r-oldrel-macos-arm64, r-oldrel-macos-x86_64, r-oldrel-windows-ix86+x86_64