CRAN Package Check Results for Package TSEwgt

Last updated on 2025-01-22 14:52:54 CET.

Flavor Version Tinstall Tcheck Ttotal Status Flags
r-devel-linux-x86_64-debian-clang 0.1.0 2.26 19.24 21.50 OK
r-devel-linux-x86_64-debian-gcc 0.1.0 1.75 16.02 17.77 OK
r-devel-linux-x86_64-fedora-clang 0.1.0 34.96 NOTE
r-devel-linux-x86_64-fedora-gcc 0.1.0 32.89 NOTE
r-devel-windows-x86_64 0.1.0 3.00 117.00 120.00 OK
r-patched-linux-x86_64 0.1.0 2.39 18.44 20.83 OK
r-release-linux-x86_64 0.1.0 2.04 18.47 20.51 OK
r-release-macos-arm64 0.1.0 15.00 OK
r-release-macos-x86_64 0.1.0 22.00 OK
r-release-windows-x86_64 0.1.0 4.00 43.00 47.00 OK
r-oldrel-macos-arm64 0.1.0 14.00 OK
r-oldrel-macos-x86_64 0.1.0 20.00 OK
r-oldrel-windows-x86_64 0.1.0 4.00 47.00 51.00 OK

Check Details

Version: 0.1.0
Check: dependencies in R code
Result: NOTE Namespace in Imports field not imported from: ‘stats’ All declared Imports should be used. Flavors: r-devel-linux-x86_64-fedora-clang, r-devel-linux-x86_64-fedora-gcc