CRAN Package Check Results for Package TSF

Last updated on 2024-03-04 19:54:28 CET.

Flavor Version Tinstall Tcheck Ttotal Status Flags
r-devel-linux-x86_64-debian-clang 0.1.1 7.09 77.62 84.71 NOTE
r-devel-linux-x86_64-debian-gcc 0.1.1 4.54 58.99 63.53 NOTE
r-devel-linux-x86_64-fedora-clang 0.1.1 106.55 NOTE
r-devel-linux-x86_64-fedora-gcc 0.1.1 106.10 NOTE
r-devel-windows-x86_64 0.1.1 7.00 136.00 143.00 NOTE
r-patched-linux-x86_64 0.1.1 6.73 70.90 77.63 NOTE
r-release-linux-x86_64 0.1.1 4.71 77.06 81.77 NOTE
r-release-macos-arm64 0.1.1 34.00 NOTE
r-release-macos-x86_64 0.1.1 52.00 NOTE
r-release-windows-x86_64 0.1.1 9.00 88.00 97.00 NOTE
r-oldrel-macos-arm64 0.1.1 36.00 NOTE
r-oldrel-windows-x86_64 0.1.1 10.00 92.00 102.00 NOTE

Check Details

Version: 0.1.1
Check: LazyData
Result: NOTE 'LazyData' is specified without a 'data' directory Flavors: r-devel-linux-x86_64-debian-clang, r-devel-linux-x86_64-debian-gcc, r-devel-linux-x86_64-fedora-clang, r-devel-linux-x86_64-fedora-gcc, r-devel-windows-x86_64, r-patched-linux-x86_64, r-release-linux-x86_64, r-release-macos-arm64, r-release-macos-x86_64, r-release-windows-x86_64, r-oldrel-macos-arm64, r-oldrel-windows-x86_64