CRAN Package Check Results for Package TSF

Last updated on 2021-04-11 23:47:16 CEST.

Flavor Version Tinstall Tcheck Ttotal Status Flags
r-devel-linux-x86_64-debian-clang 0.1.1 6.20 75.14 81.34 NOTE
r-devel-linux-x86_64-debian-gcc 0.1.1 4.16 54.46 58.62 NOTE
r-devel-linux-x86_64-fedora-clang 0.1.1 101.85 NOTE
r-devel-linux-x86_64-fedora-gcc 0.1.1 87.08 NOTE
r-devel-windows-ix86+x86_64 0.1.1 18.00 92.00 110.00 NOTE
r-devel-windows-x86_64-gcc10-UCRT 0.1.1 NOTE
r-patched-linux-x86_64 0.1.1 5.88 68.27 74.15 OK
r-patched-solaris-x86 0.1.1 141.90 OK
r-release-linux-x86_64 0.1.1 5.59 68.45 74.04 OK
r-release-macos-x86_64 0.1.1 OK
r-release-windows-ix86+x86_64 0.1.1 20.00 95.00 115.00 OK
r-oldrel-macos-x86_64 0.1.1 OK
r-oldrel-windows-ix86+x86_64 0.1.1 12.00 68.00 80.00 OK

Check Details

Version: 0.1.1
Check: LazyData
Result: NOTE
     'LazyData' is specified without a 'data' directory
Flavors: r-devel-linux-x86_64-debian-clang, r-devel-linux-x86_64-debian-gcc, r-devel-linux-x86_64-fedora-clang, r-devel-linux-x86_64-fedora-gcc, r-devel-windows-ix86+x86_64, r-devel-windows-x86_64-gcc10-UCRT