CRAN Package Check Results for Package TSMining

Last updated on 2020-02-20 19:48:41 CET.

Flavor Version Tinstall Tcheck Ttotal Status Flags
r-devel-linux-x86_64-debian-clang 1.0 5.13 62.58 67.71 NOTE
r-devel-linux-x86_64-debian-gcc 1.0 3.54 48.08 51.62 NOTE
r-devel-linux-x86_64-fedora-clang 1.0 77.64 NOTE
r-devel-linux-x86_64-fedora-gcc 1.0 80.89 NOTE
r-devel-windows-ix86+x86_64 1.0 11.00 75.00 86.00 NOTE
r-devel-windows-ix86+x86_64-gcc8 1.0 13.00 114.00 127.00 NOTE
r-patched-linux-x86_64 1.0 4.05 52.78 56.83 NOTE
r-patched-solaris-x86 1.0 102.40 NOTE
r-release-linux-x86_64 1.0 3.43 53.23 56.66 NOTE
r-release-windows-ix86+x86_64 1.0 9.00 72.00 81.00 NOTE
r-release-osx-x86_64 1.0 NOTE
r-oldrel-windows-ix86+x86_64 1.0 7.00 73.00 80.00 NOTE
r-oldrel-osx-x86_64 1.0 NOTE

Check Details

Version: 1.0
Check: R code for possible problems
Result: NOTE
    Func.SAX: no visible global function definition for 'sd'
    Func.SAX: no visible global function definition for 'qnorm'
    Func.matrix: no visible global function definition for 'qnorm'
    Func.motif: no visible global function definition for 'sd'
    Func.motif: no visible global function definition for 'na.omit'
    Func.motif: no visible global function definition for 'combn'
    Func.motif.multivariate: no visible global function definition for
     'txtProgressBar'
    Func.motif.multivariate: no visible global function definition for
     'setTxtProgressBar'
    Undefined global functions or variables:
     combn na.omit qnorm sd setTxtProgressBar txtProgressBar
    Consider adding
     importFrom("stats", "na.omit", "qnorm", "sd")
     importFrom("utils", "combn", "setTxtProgressBar", "txtProgressBar")
    to your NAMESPACE file.
Flavors: r-devel-linux-x86_64-debian-clang, r-devel-linux-x86_64-debian-gcc, r-devel-linux-x86_64-fedora-clang, r-devel-linux-x86_64-fedora-gcc, r-devel-windows-ix86+x86_64, r-devel-windows-ix86+x86_64-gcc8, r-patched-linux-x86_64, r-patched-solaris-x86, r-release-linux-x86_64, r-release-windows-ix86+x86_64, r-release-osx-x86_64, r-oldrel-windows-ix86+x86_64, r-oldrel-osx-x86_64