CRAN Package Check Results for Package TSMining

Last updated on 2021-05-13 22:51:18 CEST.

Flavor Version Tinstall Tcheck Ttotal Status Flags
r-devel-linux-x86_64-debian-clang 1.0 5.42 72.99 78.41 NOTE
r-devel-linux-x86_64-debian-gcc 1.0 4.13 53.48 57.61 NOTE
r-devel-linux-x86_64-fedora-clang 1.0 99.72 NOTE
r-devel-linux-x86_64-fedora-gcc 1.0 87.80 NOTE
r-devel-windows-ix86+x86_64 1.0 16.00 94.00 110.00 NOTE
r-devel-windows-x86_64-gcc10-UCRT 1.0 NOTE
r-patched-linux-x86_64 1.0 5.57 69.57 75.14 NOTE
r-patched-solaris-x86 1.0 124.00 NOTE
r-release-linux-x86_64 1.0 5.46 67.70 73.16 NOTE
r-release-macos-x86_64 1.0 NOTE
r-release-windows-ix86+x86_64 1.0 11.00 103.00 114.00 NOTE
r-oldrel-macos-x86_64 1.0 NOTE
r-oldrel-windows-ix86+x86_64 1.0 13.00 88.00 101.00 NOTE

Check Details

Version: 1.0
Check: R code for possible problems
Result: NOTE
    Func.SAX: no visible global function definition for 'sd'
    Func.SAX: no visible global function definition for 'qnorm'
    Func.matrix: no visible global function definition for 'qnorm'
    Func.motif: no visible global function definition for 'sd'
    Func.motif: no visible global function definition for 'na.omit'
    Func.motif: no visible global function definition for 'combn'
    Func.motif.multivariate: no visible global function definition for
     'txtProgressBar'
    Func.motif.multivariate: no visible global function definition for
     'setTxtProgressBar'
    Undefined global functions or variables:
     combn na.omit qnorm sd setTxtProgressBar txtProgressBar
    Consider adding
     importFrom("stats", "na.omit", "qnorm", "sd")
     importFrom("utils", "combn", "setTxtProgressBar", "txtProgressBar")
    to your NAMESPACE file.
Flavors: r-devel-linux-x86_64-debian-clang, r-devel-linux-x86_64-debian-gcc, r-devel-linux-x86_64-fedora-clang, r-devel-linux-x86_64-fedora-gcc, r-devel-windows-ix86+x86_64, r-devel-windows-x86_64-gcc10-UCRT, r-patched-linux-x86_64, r-patched-solaris-x86, r-release-linux-x86_64, r-release-macos-x86_64, r-release-windows-ix86+x86_64, r-oldrel-macos-x86_64, r-oldrel-windows-ix86+x86_64