CRAN Package Check Results for Package TSclust

Last updated on 2021-04-14 08:48:35 CEST.

Flavor Version Tinstall Tcheck Ttotal Status Flags
r-devel-linux-x86_64-debian-clang 1.3.1 12.89 113.88 126.77 OK
r-devel-linux-x86_64-debian-gcc 1.3.1 10.38 84.06 94.44 OK
r-devel-linux-x86_64-fedora-clang 1.3.1 161.41 NOTE
r-devel-linux-x86_64-fedora-gcc 1.3.1 150.09 OK
r-devel-windows-ix86+x86_64 1.3.1 29.00 126.00 155.00 OK
r-devel-windows-x86_64-gcc10-UCRT 1.3.1 OK
r-patched-linux-x86_64 1.3.1 13.42 105.27 118.69 OK
r-patched-solaris-x86 1.3.1 222.00 OK
r-release-linux-x86_64 1.3.1 12.90 106.01 118.91 OK
r-release-macos-x86_64 1.3.1 OK
r-release-windows-ix86+x86_64 1.3.1 27.00 130.00 157.00 OK
r-oldrel-macos-x86_64 1.3.1 WARN
r-oldrel-windows-ix86+x86_64 1.3.1 17.00 93.00 110.00 OK

Check Details

Version: 1.3.1
Check: Rd cross-references
Result: NOTE
    Undeclared packages ‘fpc’, ‘clValid’, ‘clv’ in Rd xrefs
Flavor: r-devel-linux-x86_64-fedora-clang

Version: 1.3.1
Check: whether package can be installed
Result: WARN
    Found the following significant warnings:
     Warning: 'rgl.init' failed, running with 'rgl.useNULL = TRUE'.
Flavor: r-oldrel-macos-x86_64