CRAN Package Check Results for Package TSclust

Last updated on 2024-02-28 19:49:51 CET.

Flavor Version Tinstall Tcheck Ttotal Status Flags
r-devel-linux-x86_64-debian-clang 1.3.1 16.48 131.92 148.40 NOTE
r-devel-linux-x86_64-debian-gcc 1.3.1 10.94 98.19 109.13 NOTE
r-devel-linux-x86_64-fedora-clang 1.3.1 179.88 NOTE
r-devel-linux-x86_64-fedora-gcc 1.3.1 168.40 NOTE
r-devel-windows-x86_64 1.3.1 11.00 104.00 115.00 OK
r-patched-linux-x86_64 1.3.1 14.27 115.76 130.03 OK
r-release-linux-x86_64 1.3.1 8.42 115.93 124.35 OK
r-release-macos-arm64 1.3.1 48.00 OK
r-release-macos-x86_64 1.3.1 82.00 NOTE
r-release-windows-x86_64 1.3.1 15.00 449.00 464.00 OK
r-oldrel-macos-arm64 1.3.1 81.00 OK
r-oldrel-windows-x86_64 1.3.1 16.00 125.00 141.00 OK

Check Details

Version: 1.3.1
Check: Rd files
Result: NOTE checkRd: (-1) diss.AR.LPC.CEPS.Rd:39: Lost braces; missing escapes or markup? 39 | If \code{order.x} or {order.y} are \code{NULL}, their respective series will be fitted automatically using a AR model. | ^ checkRd: (-1) diss.AR.PIC.Rd:31: Lost braces; missing escapes or markup? 31 | If \code{order.x} or {order.y} are \code{NULL}, their respective series will be fitted automatically using a AR model. If \code{permissive} is \code{TRUE} and no AR order is found automatically, an AR order of 1 will be imposed, if this case fails, then no order can be found and the function produces an error. | ^ Flavors: r-devel-linux-x86_64-debian-clang, r-devel-linux-x86_64-debian-gcc, r-devel-linux-x86_64-fedora-clang, r-devel-linux-x86_64-fedora-gcc

Version: 1.3.1
Check: Rd cross-references
Result: NOTE Undeclared packages ‘fpc’, ‘clValid’, ‘clv’ in Rd xrefs Flavor: r-devel-linux-x86_64-fedora-clang

Version: 1.3.1
Check: Rd cross-references
Result: NOTE Package unavailable to check Rd xrefs: ‘fpc’ Flavor: r-release-macos-x86_64