CRAN Package Check Results for Package TSdist

Last updated on 2019-06-17 10:48:33 CEST.

Flavor Version Tinstall Tcheck Ttotal Status Flags
r-devel-linux-x86_64-debian-clang 3.5 8.93 90.75 99.68 OK
r-devel-linux-x86_64-debian-gcc 3.5 6.81 69.38 76.19 OK
r-devel-linux-x86_64-fedora-clang 3.5 116.80 OK
r-devel-linux-x86_64-fedora-gcc 3.5 111.06 OK
r-devel-windows-ix86+x86_64 3.5 44.00 181.00 225.00 OK
r-patched-linux-x86_64 3.5 8.65 90.37 99.02 OK
r-patched-solaris-x86 3.5 174.30 OK
r-release-linux-x86_64 3.5 9.27 90.49 99.76 OK
r-release-windows-ix86+x86_64 3.5 25.00 246.00 271.00 OK
r-release-osx-x86_64 3.5 WARN
r-oldrel-windows-ix86+x86_64 3.5 20.00 234.00 254.00 OK
r-oldrel-osx-x86_64 3.5 OK

Check Details

Version: 3.5
Check: whether package can be installed
Result: WARN
    Found the following significant warnings:
     Warning: 'rgl_init' failed, running with rgl.useNULL = TRUE
Flavor: r-release-osx-x86_64