CRAN Package Check Results for Package TSsdmx

Last updated on 2021-06-24 01:50:40 CEST.

Flavor Version Tinstall Tcheck Ttotal Status Flags
r-devel-linux-x86_64-debian-clang 2016.8-1 7.63 69.59 77.22 OK
r-devel-linux-x86_64-debian-gcc 2016.8-1 5.98 52.71 58.69 OK
r-devel-linux-x86_64-fedora-clang 2016.8-1 104.06 OK
r-devel-linux-x86_64-fedora-gcc 2016.8-1 93.76 OK
r-devel-windows-x86_64 2016.8-1 11.00 87.00 98.00 OK
r-devel-windows-x86_64-gcc10-UCRT 2016.8-1 OK
r-patched-linux-x86_64 2016.8-1 8.75 66.70 75.45 OK
r-patched-solaris-x86 2016.8-1 125.50 OK
r-release-linux-x86_64 2016.8-1 7.81 66.70 74.51 OK
r-release-macos-arm64 2016.8-1 ERROR
r-release-macos-x86_64 2016.8-1 OK
r-release-windows-ix86+x86_64 2016.8-1 16.00 90.00 106.00 OK
r-oldrel-macos-x86_64 2016.8-1 OK

Check Details

Version: 2016.8-1
Check: whether package can be installed
Result: ERROR
    Installation failed.
Flavor: r-release-macos-arm64