CRAN Package Check Results for Package TSstudio

Last updated on 2019-04-23 02:47:32 CEST.

Flavor Version Tinstall Tcheck Ttotal Status Flags
r-devel-linux-x86_64-debian-clang 0.1.4 7.89 103.55 111.44 OK
r-devel-linux-x86_64-debian-gcc 0.1.4 6.43 84.73 91.16 OK
r-devel-linux-x86_64-fedora-clang 0.1.4 114.74 NOTE
r-devel-linux-x86_64-fedora-gcc 0.1.4 109.59 NOTE
r-devel-windows-ix86+x86_64 0.1.4 21.00 157.00 178.00 OK
r-patched-linux-x86_64 0.1.4 7.83 99.04 106.87 OK
r-release-linux-x86_64 0.1.4 6.30 101.26 107.56 OK
r-release-windows-ix86+x86_64 0.1.4 9.00 117.00 126.00 OK
r-release-osx-x86_64 0.1.4 WARN
r-oldrel-windows-ix86+x86_64 0.1.4 5.00 132.00 137.00 OK
r-oldrel-osx-x86_64 0.1.3 WARN

Check Details

Version: 0.1.4
Check: dependencies in R code
Result: NOTE
    Namespace in Imports field not imported from: ‘purrr’
     All declared Imports should be used.
Flavors: r-devel-linux-x86_64-fedora-clang, r-devel-linux-x86_64-fedora-gcc, r-release-osx-x86_64

Version: 0.1.4
Check: re-building of vignette outputs
Result: WARN
    Error in re-building vignettes:
     ...
     separate plot or all together c("single, "multiple)
    
     Xtitle: A character, set the X axis title, default set to NULL
    
     Ytitle: A character, set the Y axis title, default set to NULL
    
     title: A character, set the plot title, default set to NULL
    
     Xgrid: Logic,show the X axis grid if set to TRUE
    
     Ygrid: Logic,show the Y axis grid if set to TRUE
    
    _<08>E_<08>x_<08>a_<08>m_<08>p_<08>l_<08>e_<08>s:
    
     data(USVSales)
     ts_plot(USVSales)
    
     # adding slider
     ts_plot(USVSales, slider = TRUE)
    
    
    Quitting from lines 43-44 (Plotting_Time_Series.Rmd)
    Error: processing vignette 'Plotting_Time_Series.Rmd' failed with diagnostics:
    cannot open the connection
    Execution halted
Flavor: r-release-osx-x86_64

Version: 0.1.3
Check: dependencies in R code
Result: NOTE
    Namespace in Imports field not imported from: ‘colormap’
     All declared Imports should be used.
Flavor: r-oldrel-osx-x86_64

Version: 0.1.3
Check: re-building of vignette outputs
Result: WARN
    Error in re-building vignettes:
     ...
     separate plot or all together c("single, "multiple)
    
     Xtitle: A character, set the X axis title, default set to NULL
    
     Ytitle: A character, set the Y axis title, default set to NULL
    
     title: A character, set the plot title, default set to NULL
    
     Xgrid: Logic,show the X axis grid if set to TRUE
    
     Ygrid: Logic,show the Y axis grid if set to TRUE
    
    _<08>E_<08>x_<08>a_<08>m_<08>p_<08>l_<08>e_<08>s:
    
     data(USVSales)
     ts_plot(USVSales)
    
     # adding slider
     ts_plot(USVSales, slider = TRUE)
    
    
    Quitting from lines 43-44 (Plotting_Time_Series.Rmd)
    Error: processing vignette 'Plotting_Time_Series.Rmd' failed with diagnostics:
    cannot open the connection
    Execution halted
Flavor: r-oldrel-osx-x86_64