CRAN Package Check Results for Package TTAinterfaceTrendAnalysis

Last updated on 2019-09-20 05:47:09 CEST.

Flavor Version Tinstall Tcheck Ttotal Status Flags
r-devel-linux-x86_64-debian-clang 1.5.4 23.25 102.34 125.59 OK
r-devel-linux-x86_64-debian-gcc 1.5.4 17.97 79.93 97.90 OK
r-devel-linux-x86_64-fedora-clang 1.5.4 155.80 OK
r-devel-linux-x86_64-fedora-gcc 1.5.4 159.00 OK
r-devel-windows-ix86+x86_64 1.5.4 40.00 150.00 190.00 OK
r-patched-linux-x86_64 1.5.4 21.66 102.32 123.98 OK
r-patched-solaris-x86 1.5.4 222.90 OK
r-release-linux-x86_64 1.5.4 23.17 103.04 126.21 OK
r-release-windows-ix86+x86_64 1.5.4 29.00 96.00 125.00 OK
r-release-osx-x86_64 1.5.4 ERROR
r-oldrel-windows-ix86+x86_64 1.5.4 29.00 95.00 124.00 OK
r-oldrel-osx-x86_64 1.5.4 OK

Check Details

Version: 1.5.4
Check: whether package can be installed
Result: ERROR
    Installation failed.
Flavor: r-release-osx-x86_64