CRAN Package Check Results for Package TTAinterfaceTrendAnalysis

Last updated on 2020-02-27 16:49:34 CET.

Flavor Version Tinstall Tcheck Ttotal Status Flags
r-devel-linux-x86_64-debian-clang 1.5.5 25.13 112.33 137.46 OK
r-devel-linux-x86_64-debian-gcc 1.5.5 18.68 86.16 104.84 OK
r-devel-linux-x86_64-fedora-clang 1.5.5 167.02 OK
r-devel-linux-x86_64-fedora-gcc 1.5.5 166.53 OK
r-devel-windows-ix86+x86_64 1.5.5 32.00 105.00 137.00 OK
r-devel-windows-ix86+x86_64-gcc8 1.5.5 34.00 106.00 140.00 OK
r-patched-linux-x86_64 1.5.5 23.08 103.25 126.33 OK
r-patched-solaris-x86 1.5.5 224.40 OK
r-release-linux-x86_64 1.5.5 22.30 102.84 125.14 OK
r-release-windows-ix86+x86_64 1.5.5 26.00 94.00 120.00 OK
r-release-osx-x86_64 1.5.5 ERROR
r-oldrel-windows-ix86+x86_64 1.5.5 22.00 90.00 112.00 OK
r-oldrel-osx-x86_64 1.5.5 ERROR

Check Details

Version: 1.5.5
Check: whether package can be installed
Result: ERROR
    Installation failed.
Flavors: r-release-osx-x86_64, r-oldrel-osx-x86_64