CRAN Package Check Results for Package TTCA

Last updated on 2018-12-17 15:50:05 CET.

Flavor Version Tinstall Tcheck Ttotal Status Flags
r-devel-linux-x86_64-debian-clang 0.1.1 9.01 2.34 11.35 ERROR
r-devel-linux-x86_64-debian-gcc 0.1.1 8.00 1.59 9.59 ERROR
r-devel-linux-x86_64-fedora-clang 0.1.1 97.81 OK
r-devel-linux-x86_64-fedora-gcc 0.1.1 94.49 OK
r-devel-windows-ix86+x86_64 0.1.1 21.00 104.00 125.00 OK
r-patched-linux-x86_64 0.1.1 8.48 1.74 10.22 ERROR
r-patched-solaris-x86 0.1.1 132.00 OK
r-release-linux-x86_64 0.1.1 6.20 65.49 71.69 OK
r-release-windows-ix86+x86_64 0.1.1 21.00 119.00 140.00 OK
r-release-osx-x86_64 0.1.1 OK
r-oldrel-windows-ix86+x86_64 0.1.1 18.00 103.00 121.00 OK
r-oldrel-osx-x86_64 0.1.1 OK

Check Details

Version: 0.1.1
Check: whether the package can be loaded
Result: ERROR
    Loading this package had a fatal error status code 1
    Loading log:
    Error: package or namespace load failed for ‘TTCA’ in dyn.load(file, DLLpath = DLLpath, ...):
     unable to load shared object ‘/home/hornik/tmp/R.check/r-devel-clang/Work/build/Packages/MASS/libs/MASS.so’:
     /home/hornik/tmp/R.check/r-devel-clang/Work/build/Packages/MASS/libs/MASS.so: failed to map segment from shared object
    Execution halted
Flavor: r-devel-linux-x86_64-debian-clang

Version: 0.1.1
Check: whether the package can be loaded
Result: ERROR
    Loading this package had a fatal error status code 1
    Loading log:
    Error: package or namespace load failed for ‘TTCA’ in dyn.load(file, DLLpath = DLLpath, ...):
     unable to load shared object ‘/home/hornik/tmp/R.check/r-devel-gcc/Work/build/Packages/MASS/libs/MASS.so’:
     /home/hornik/tmp/R.check/r-devel-gcc/Work/build/Packages/MASS/libs/MASS.so: failed to map segment from shared object
    Execution halted
Flavor: r-devel-linux-x86_64-debian-gcc

Version: 0.1.1
Check: whether the package can be loaded
Result: ERROR
    Loading this package had a fatal error status code 1
    Loading log:
    Error: package or namespace load failed for ‘TTCA’ in dyn.load(file, DLLpath = DLLpath, ...):
     unable to load shared object ‘/home/hornik/tmp/R.check/r-patched-gcc/Work/build/Packages/MASS/libs/MASS.so’:
     /home/hornik/tmp/R.check/r-patched-gcc/Work/build/Packages/MASS/libs/MASS.so: failed to map segment from shared object
    Execution halted
Flavor: r-patched-linux-x86_64