Last updated on 2023-12-08 08:53:15 CET.
Flavor | Version | Tinstall | Tcheck | Ttotal | Status | Flags |
---|---|---|---|---|---|---|
r-devel-linux-x86_64-debian-clang | 3.2.1 | 16.29 | 128.11 | 144.40 | NOTE | |
r-devel-linux-x86_64-debian-gcc | 3.2.1 | 12.26 | 92.88 | 105.14 | NOTE | |
r-devel-linux-x86_64-fedora-clang | 3.2.1 | 182.32 | NOTE | |||
r-devel-linux-x86_64-fedora-gcc | 3.2.1 | 173.00 | NOTE | |||
r-devel-windows-x86_64 | 3.2.1 | 15.00 | 231.00 | 246.00 | NOTE | |
r-patched-linux-x86_64 | 3.2.1 | 13.57 | 123.21 | 136.78 | NOTE | |
r-release-linux-x86_64 | 3.2.1 | 11.55 | 117.35 | 128.90 | NOTE | |
r-release-macos-arm64 | 3.2.1 | 54.00 | NOTE | |||
r-release-macos-x86_64 | 3.2.1 | 94.00 | NOTE | |||
r-release-windows-x86_64 | 3.2.1 | 18.00 | 210.00 | 228.00 | NOTE | |
r-oldrel-macos-arm64 | 3.2.1 | 93.00 | NOTE | |||
r-oldrel-macos-x86_64 | 3.2.1 | 173.00 | NOTE | |||
r-oldrel-windows-x86_64 | 3.2.1 | 19.00 | 122.00 | 141.00 | NOTE |
Version: 3.2.1
Check: LazyData
Result: NOTE
'LazyData' is specified without a 'data' directory
Flavors: r-devel-linux-x86_64-debian-clang, r-devel-linux-x86_64-debian-gcc, r-devel-linux-x86_64-fedora-clang, r-devel-linux-x86_64-fedora-gcc, r-devel-windows-x86_64, r-patched-linux-x86_64, r-release-linux-x86_64, r-release-macos-arm64, r-release-macos-x86_64, r-release-windows-x86_64, r-oldrel-macos-arm64, r-oldrel-macos-x86_64, r-oldrel-windows-x86_64