Last updated on 2022-07-06 10:54:45 CEST.
Flavor | Version | Tinstall | Tcheck | Ttotal | Status | Flags |
---|---|---|---|---|---|---|
r-devel-linux-x86_64-debian-clang | 3.2.1 | 18.17 | 131.48 | 149.65 | NOTE | |
r-devel-linux-x86_64-debian-gcc | 3.2.1 | 15.22 | 97.08 | 112.30 | NOTE | |
r-devel-linux-x86_64-fedora-clang | 3.2.1 | 197.41 | NOTE | |||
r-devel-linux-x86_64-fedora-gcc | 3.2.1 | 185.45 | NOTE | |||
r-devel-windows-x86_64 | 3.2.1 | 19.00 | 408.00 | 427.00 | NOTE | |
r-patched-linux-x86_64 | 3.2.1 | 20.57 | 140.29 | 160.86 | NOTE | |
r-release-linux-x86_64 | 3.2.1 | 21.59 | 139.74 | 161.33 | NOTE | |
r-release-macos-arm64 | 3.2.1 | 93.00 | NOTE | |||
r-release-macos-x86_64 | 3.2.1 | 173.00 | NOTE | |||
r-release-windows-x86_64 | 3.2.1 | 22.00 | 144.00 | 166.00 | NOTE | |
r-oldrel-macos-arm64 | 3.2.1 | 95.00 | NOTE | |||
r-oldrel-macos-x86_64 | 3.2.1 | 94.00 | NOTE | |||
r-oldrel-windows-ix86+x86_64 | 3.2.1 | 36.00 | 140.00 | 176.00 | NOTE |
Version: 3.2.1
Check: LazyData
Result: NOTE
'LazyData' is specified without a 'data' directory
Flavors: r-devel-linux-x86_64-debian-clang, r-devel-linux-x86_64-debian-gcc, r-devel-linux-x86_64-fedora-clang, r-devel-linux-x86_64-fedora-gcc, r-devel-windows-x86_64, r-patched-linux-x86_64, r-release-linux-x86_64, r-release-macos-arm64, r-release-macos-x86_64, r-release-windows-x86_64, r-oldrel-macos-arm64, r-oldrel-macos-x86_64, r-oldrel-windows-ix86+x86_64