CRAN Package Check Results for Package TailClassifier

Last updated on 2022-08-13 09:54:37 CEST.

Flavor Version Tinstall Tcheck Ttotal Status Flags
r-devel-linux-x86_64-debian-clang 0.1.0 1.86 30.04 31.90 OK
r-devel-linux-x86_64-debian-gcc 0.1.0 1.54 21.14 22.68 OK
r-devel-linux-x86_64-fedora-clang 0.1.0 48.40 NOTE
r-devel-linux-x86_64-fedora-gcc 0.1.0 46.87 NOTE
r-devel-windows-x86_64 0.1.0 11.00 51.00 62.00 OK
r-patched-linux-x86_64 0.1.0 1.74 28.24 29.98 OK
r-release-linux-x86_64 0.1.0 1.66 28.44 30.10 OK
r-release-macos-arm64 0.1.0 17.00 NOTE
r-release-macos-x86_64 0.1.0 27.00 NOTE
r-release-windows-x86_64 0.1.0 9.00 49.00 58.00 OK
r-oldrel-macos-arm64 0.1.0 18.00 NOTE
r-oldrel-macos-x86_64 0.1.0 21.00 NOTE
r-oldrel-windows-ix86+x86_64 0.1.0 6.00 48.00 54.00 OK

Check Details

Version: 0.1.0
Check: dependencies in R code
Result: NOTE
    Namespace in Imports field not imported from: ‘readr’
     All declared Imports should be used.
Flavors: r-devel-linux-x86_64-fedora-clang, r-devel-linux-x86_64-fedora-gcc, r-release-macos-arm64, r-release-macos-x86_64, r-oldrel-macos-arm64, r-oldrel-macos-x86_64