CRAN Package Check Results for Package TcGSA

Last updated on 2019-01-23 08:49:25 CET.

Flavor Version Tinstall Tcheck Ttotal Status Flags
r-devel-linux-x86_64-debian-clang 0.12.2 9.35 105.36 114.71 OK
r-devel-linux-x86_64-debian-gcc 0.12.2 8.84 81.03 89.87 OK
r-devel-linux-x86_64-fedora-clang 0.12.2 136.64 OK
r-devel-linux-x86_64-fedora-gcc 0.12.2 126.81 OK
r-devel-windows-ix86+x86_64 0.12.2 24.00 160.00 184.00 OK
r-patched-linux-x86_64 0.12.2 9.08 99.83 108.91 OK
r-patched-solaris-x86 0.12.2 191.30 OK
r-release-linux-x86_64 0.12.2 10.54 97.44 107.98 OK
r-release-windows-ix86+x86_64 0.12.2 17.00 152.00 169.00 OK
r-release-osx-x86_64 0.12.2 OK
r-oldrel-windows-ix86+x86_64 0.12.2 17.00 149.00 166.00 NOTE
r-oldrel-osx-x86_64 0.11.1 OK

Check Details

Version: 0.12.2
Check: package dependencies
Result: NOTE
    Package suggested but not available for checking: 'BiocManager'
Flavor: r-oldrel-windows-ix86+x86_64