CRAN Package Check Results for Package Tendril

Last updated on 2022-12-01 15:54:46 CET.

Flavor Version Tinstall Tcheck Ttotal Status Flags
r-devel-linux-x86_64-debian-clang 2.0.4 4.53 200.58 205.11 OK
r-devel-linux-x86_64-debian-gcc 2.0.4 2.96 148.27 151.23 OK
r-devel-linux-x86_64-fedora-clang 2.0.4 250.97 NOTE
r-devel-linux-x86_64-fedora-gcc 2.0.4 260.42 NOTE
r-devel-windows-x86_64 2.0.4 25.00 249.00 274.00 OK
r-patched-linux-x86_64 2.0.4 2.96 190.94 193.90 OK
r-release-linux-x86_64 2.0.4 2.72 193.12 195.84 OK
r-release-macos-arm64 2.0.4 65.00 NOTE
r-release-macos-x86_64 2.0.4 125.00 NOTE
r-release-windows-x86_64 2.0.4 12.00 346.00 358.00 OK
r-oldrel-macos-arm64 2.0.4 87.00 NOTE
r-oldrel-macos-x86_64 2.0.4 117.00 NOTE
r-oldrel-windows-ix86+x86_64 2.0.4 10.00 365.00 375.00 OK

Check Details

Version: 2.0.4
Check: dependencies in R code
Result: NOTE
    Namespace in Imports field not imported from: ‘graphics’
     All declared Imports should be used.
Flavors: r-devel-linux-x86_64-fedora-clang, r-devel-linux-x86_64-fedora-gcc, r-release-macos-arm64, r-release-macos-x86_64, r-oldrel-macos-arm64, r-oldrel-macos-x86_64