CRAN Package Check Results for Package ThreeWiseMonkeys

Last updated on 2024-04-18 20:56:09 CEST.

Flavor Version Tinstall Tcheck Ttotal Status Flags
r-devel-linux-x86_64-debian-clang 0.1.0 5.18 44.79 49.97 NOTE
r-devel-linux-x86_64-debian-gcc 0.1.0 3.80 33.53 37.33 NOTE
r-devel-linux-x86_64-fedora-clang 0.1.0 63.26 NOTE
r-devel-linux-x86_64-fedora-gcc 0.1.0 59.30 NOTE
r-prerel-macos-arm64 0.1.0 21.00 NOTE
r-prerel-windows-x86_64 0.1.0 4.00 71.00 75.00 NOTE
r-patched-linux-x86_64 0.1.0 4.29 41.36 45.65 NOTE
r-release-linux-x86_64 0.1.0 4.73 41.67 46.40 NOTE
r-release-macos-arm64 0.1.0 21.00 NOTE
r-release-macos-x86_64 0.1.0 30.00 NOTE
r-release-windows-x86_64 0.1.0 6.00 57.00 63.00 NOTE
r-oldrel-macos-arm64 0.1.0 21.00 NOTE
r-oldrel-windows-x86_64 0.1.0 7.00 158.00 165.00 NOTE

Check Details

Version: 0.1.0
Check: LazyData
Result: NOTE 'LazyData' is specified without a 'data' directory Flavors: r-devel-linux-x86_64-debian-clang, r-devel-linux-x86_64-debian-gcc, r-devel-linux-x86_64-fedora-clang, r-devel-linux-x86_64-fedora-gcc, r-prerel-macos-arm64, r-prerel-windows-x86_64, r-patched-linux-x86_64, r-release-linux-x86_64, r-release-macos-arm64, r-release-macos-x86_64, r-release-windows-x86_64, r-oldrel-macos-arm64, r-oldrel-windows-x86_64