CRAN Package Check Results for Package TippingPoint

Last updated on 2022-12-08 23:00:02 CET.

Flavor Version Tinstall Tcheck Ttotal Status Flags
r-devel-linux-x86_64-debian-clang 1.2.0 6.37 62.04 68.41 ERROR
r-devel-linux-x86_64-debian-gcc 1.2.0 4.89 69.62 74.51 OK
r-devel-linux-x86_64-fedora-clang 1.2.0 138.20 OK
r-devel-linux-x86_64-fedora-gcc 1.2.0 145.81 OK
r-devel-windows-x86_64 1.2.0 11.00 133.00 144.00 OK
r-patched-linux-x86_64 1.2.0 5.44 89.17 94.61 OK
r-release-linux-x86_64 1.2.0 6.33 88.17 94.50 OK
r-release-macos-arm64 1.2.0 44.00 OK
r-release-macos-x86_64 1.2.0 81.00 OK
r-release-windows-x86_64 1.2.0 25.00 134.00 159.00 OK
r-oldrel-macos-arm64 1.2.0 45.00 OK
r-oldrel-macos-x86_64 1.2.0 63.00 OK
r-oldrel-windows-ix86+x86_64 1.2.0 18.00 130.00 148.00 OK

Additional issues

noSuggests

Check Details

Version: 1.2.0
Check: package dependencies
Result: NOTE
    Package suggested but not available for checking: 'bayesSurv'
Flavor: r-devel-linux-x86_64-debian-clang

Version: 1.2.0
Check: examples
Result: ERROR
    Running examples in 'TippingPoint-Ex.R' failed
    The error most likely occurred in:
    
    > base::assign(".ptime", proc.time(), pos = "CheckExEnv")
    > ### Name: TippingPoint
    > ### Title: Generic function for Enhanced Tipping Point Displays
    > ### Aliases: TippingPoint
    >
    > ### ** Examples
    >
    > TippingPoint(outcome=tippingdata$binary, treat= tippingdata$treat,
    + group.infor=TRUE, plot.type = "estimate",ind.values = TRUE,
    + impValuesT = NA, impValuesC = NA,
    + summary.type = "density", alpha = 0.95, S=1.5, n.grid = 100,
    + HistMeanT = c(0.38,0.4), HistMeanC = c(0.2,0.55))
    Error: Package "pkg" must be installed to use this function.
    Execution halted
Flavor: r-devel-linux-x86_64-debian-clang

Version: 1.2.0
Check: re-building of vignette outputs
Result: ERROR
    Error(s) in re-building vignettes:
     ...
    --- re-building 'TippingPoint.Rmd' using rmarkdown
    Quitting from lines 58-105 (TippingPoint.Rmd)
    Error: processing vignette 'TippingPoint.Rmd' failed with diagnostics:
    Package "pkg" must be installed to use this function.
    --- failed re-building 'TippingPoint.Rmd'
    
    SUMMARY: processing the following file failed:
     'TippingPoint.Rmd'
    
    Error: Vignette re-building failed.
    Execution halted
Flavor: r-devel-linux-x86_64-debian-clang