CRAN Package Check Results for Package TreeDiagram

Last updated on 2022-12-01 06:52:59 CET.

Flavor Version Tinstall Tcheck Ttotal Status Flags
r-devel-linux-x86_64-debian-clang 0.1.1 6.55 65.20 71.75 OK
r-devel-linux-x86_64-debian-gcc 0.1.1 5.37 48.71 54.08 OK
r-devel-linux-x86_64-fedora-clang 0.1.1 102.00 NOTE
r-devel-linux-x86_64-fedora-gcc 0.1.1 97.70 NOTE
r-devel-windows-x86_64 0.1.1 14.00 106.00 120.00 OK
r-patched-linux-x86_64 0.1.1 7.15 60.92 68.07 OK
r-release-linux-x86_64 0.1.1 4.48 61.47 65.95 OK
r-release-macos-arm64 0.1.1 29.00 NOTE
r-release-macos-x86_64 0.1.1 51.00 NOTE
r-release-windows-x86_64 0.1.1 14.00 99.00 113.00 OK
r-oldrel-macos-arm64 0.1.1 36.00 NOTE
r-oldrel-macos-x86_64 0.1.1 40.00 NOTE
r-oldrel-windows-ix86+x86_64 0.1.1 18.00 86.00 104.00 OK

Check Details

Version: 0.1.1
Check: dependencies in R code
Result: NOTE
    Namespace in Imports field not imported from: ‘tree’
     All declared Imports should be used.
Flavors: r-devel-linux-x86_64-fedora-clang, r-devel-linux-x86_64-fedora-gcc, r-release-macos-arm64, r-release-macos-x86_64, r-oldrel-macos-arm64, r-oldrel-macos-x86_64