CRAN Package Check Results for Package TriMatch

Last updated on 2018-11-13 01:46:42 CET.

Flavor Version Tinstall Tcheck Ttotal Status Flags
r-devel-linux-x86_64-debian-clang 0.9.9 8.74 100.92 109.66 OK
r-devel-linux-x86_64-debian-gcc 0.9.9 7.69 79.22 86.91 OK
r-devel-linux-x86_64-fedora-clang 0.9.9 129.48 OK
r-devel-linux-x86_64-fedora-gcc 0.9.9 125.67 OK
r-devel-windows-ix86+x86_64 0.9.9 17.00 105.00 122.00 WARN
r-patched-linux-x86_64 0.9.9 6.63 81.01 87.64 OK
r-patched-solaris-x86 0.9.9 168.20 OK --no-build-vignettes
r-release-linux-x86_64 0.9.9 6.29 81.62 87.91 OK
r-release-windows-ix86+x86_64 0.9.9 25.00 94.00 119.00 OK
r-release-osx-x86_64 0.9.9 OK
r-oldrel-windows-ix86+x86_64 0.9.9 19.00 138.00 157.00 OK
r-oldrel-osx-x86_64 0.9.9 OK

Check Details

Version: 0.9.9
Check: whether package can be installed
Result: WARN
    Found the following significant warnings:
     Warning: S3 methods '[.fun_list', '[.grouped_df', 'all.equal.tbl_df', 'anti_join.data.frame', 'anti_join.tbl_df', 'arrange.data.frame', 'arrange.default', 'arrange.grouped_df', 'arrange.tbl_df', 'arrange_.data.frame', 'arrange_.tbl_df', 'as.data.frame.grouped_df', 'as.data.frame.rowwise_df', 'as.data.frame.tbl_cube', 'as.table.tbl_cube', 'as.tbl.data.frame', 'as.tbl.tbl', 'as.tbl_cube.array', 'as.tbl_cube.data.frame', 'as.tbl_cube.matrix', 'as.tbl_cube.table', 'as_tibble.grouped_df', 'as_tibble.tbl_cube', 'auto_copy.tbl_cube', 'auto_copy.tbl_df', 'cbind.grouped_df', 'collapse.data.frame', 'collect.data.frame', 'common_by.NULL', 'common_by.character', 'common_by.default', 'common_by.list', 'compute.data.frame', 'copy_to.DBIConnection', 'copy_to.src_local', 'default_missing.data.frame', 'default_missing.default', 'dim.tbl_cube', 'distinct.data.frame', 'distinct.default', 'distinct.grouped_df', 'distinct.tbl_df', 'distinct_.data.frame', 'distinct_.grouped_df', 'distinct_.tbl_df', 'do.NULL', 'do.da [... truncated]
Flavor: r-devel-windows-ix86+x86_64