Last updated on 2021-04-10 14:48:13 CEST.
Flavor | Version | Tinstall | Tcheck | Ttotal | Status | Flags |
---|---|---|---|---|---|---|
r-devel-linux-x86_64-debian-clang | 0.1.3 | 10.97 | 90.64 | 101.61 | NOTE | |
r-devel-linux-x86_64-debian-gcc | 0.1.3 | 9.67 | 67.51 | 77.18 | NOTE | |
r-devel-linux-x86_64-fedora-clang | 0.1.3 | 134.03 | NOTE | |||
r-devel-linux-x86_64-fedora-gcc | 0.1.3 | 115.00 | NOTE | |||
r-devel-windows-ix86+x86_64 | 0.1.3 | 19.00 | 83.00 | 102.00 | NOTE | |
r-devel-windows-x86_64-gcc10-UCRT | 0.1.3 | NOTE | ||||
r-patched-linux-x86_64 | 0.1.3 | 11.67 | 82.85 | 94.52 | OK | |
r-patched-solaris-x86 | 0.1.3 | 182.60 | OK | |||
r-release-linux-x86_64 | 0.1.3 | 11.44 | 83.48 | 94.92 | OK | |
r-release-macos-x86_64 | 0.1.3 | OK | ||||
r-release-windows-ix86+x86_64 | 0.1.3 | 29.00 | 112.00 | 141.00 | OK | |
r-oldrel-macos-x86_64 | 0.1.3 | OK | ||||
r-oldrel-windows-ix86+x86_64 | 0.1.3 | 24.00 | 107.00 | 131.00 | OK |
Version: 0.1.3
Check: LazyData
Result: NOTE
'LazyData' is specified without a 'data' directory
Flavors: r-devel-linux-x86_64-debian-clang, r-devel-linux-x86_64-debian-gcc, r-devel-linux-x86_64-fedora-clang, r-devel-linux-x86_64-fedora-gcc, r-devel-windows-ix86+x86_64, r-devel-windows-x86_64-gcc10-UCRT