CRAN Package Check Results for Package TwoArmSurvSim

Last updated on 2024-03-02 13:50:36 CET.

Flavor Version Tinstall Tcheck Ttotal Status Flags
r-devel-linux-x86_64-debian-clang 0.2 11.31 105.46 116.77 NOTE
r-devel-linux-x86_64-debian-gcc 0.2 9.33 76.98 86.31 NOTE
r-devel-linux-x86_64-fedora-clang 0.2 142.94 NOTE
r-devel-linux-x86_64-fedora-gcc 0.2 137.57 NOTE
r-devel-windows-x86_64 0.2 11.00 186.00 197.00 NOTE
r-patched-linux-x86_64 0.2 14.76 102.07 116.83 NOTE
r-release-linux-x86_64 0.2 12.92 100.98 113.90 NOTE
r-release-macos-arm64 0.2 45.00 NOTE
r-release-macos-x86_64 0.2 69.00 NOTE
r-release-windows-x86_64 0.2 14.00 108.00 122.00 NOTE
r-oldrel-macos-arm64 0.2 39.00 NOTE
r-oldrel-windows-x86_64 0.2 15.00 123.00 138.00 NOTE

Check Details

Version: 0.2
Check: LazyData
Result: NOTE 'LazyData' is specified without a 'data' directory Flavors: r-devel-linux-x86_64-debian-clang, r-devel-linux-x86_64-debian-gcc, r-devel-linux-x86_64-fedora-clang, r-devel-linux-x86_64-fedora-gcc, r-devel-windows-x86_64, r-patched-linux-x86_64, r-release-linux-x86_64, r-release-macos-arm64, r-release-macos-x86_64, r-release-windows-x86_64, r-oldrel-macos-arm64, r-oldrel-windows-x86_64