CRAN Package Check Results for Package UCSCXenaShiny

Last updated on 2020-01-27 03:46:46 CET.

Flavor Version Tinstall Tcheck Ttotal Status Flags
r-devel-linux-x86_64-debian-clang 0.4.0 6.69 44.30 50.99 OK
r-devel-linux-x86_64-debian-gcc 0.4.0 5.10 34.67 39.77 OK
r-devel-linux-x86_64-fedora-clang 0.4.0 61.73 NOTE
r-devel-linux-x86_64-fedora-gcc 0.4.0 59.68 NOTE
r-devel-windows-ix86+x86_64 0.4.0 34.00 91.00 125.00 OK
r-devel-windows-ix86+x86_64-gcc8 0.4.0 27.00 90.00 117.00 OK
r-patched-linux-x86_64 0.4.0 5.86 39.62 45.48 OK
r-patched-solaris-x86 0.4.0 101.20 NOTE
r-release-linux-x86_64 0.4.0 5.46 39.23 44.69 OK
r-release-windows-ix86+x86_64 0.4.0 14.00 59.00 73.00 OK
r-release-osx-x86_64 0.4.0 NOTE
r-oldrel-windows-ix86+x86_64 0.4.0 8.00 52.00 60.00 OK
r-oldrel-osx-x86_64 0.4.0 NOTE

Check Details

Version: 0.4.0
Check: dependencies in R code
Result: NOTE
    Namespaces in Imports field not imported from:
     ‘DT’ ‘RColorBrewer’ ‘plotly’ ‘shinyBS’ ‘shinyWidgets’ ‘shinyjs’
     ‘shinythemes’ ‘zip’
     All declared Imports should be used.
Flavors: r-devel-linux-x86_64-fedora-clang, r-devel-linux-x86_64-fedora-gcc, r-patched-solaris-x86, r-release-osx-x86_64, r-oldrel-osx-x86_64

Version: 0.4.0
Check: data for non-ASCII characters
Result: NOTE
     Note: found 162 marked UTF-8 strings
Flavors: r-devel-linux-x86_64-fedora-clang, r-devel-linux-x86_64-fedora-gcc, r-patched-solaris-x86, r-release-osx-x86_64, r-oldrel-osx-x86_64