CRAN Package Check Results for Package UCSCXenaShiny

Last updated on 2019-09-15 08:47:32 CEST.

Flavor Version Tinstall Tcheck Ttotal Status Flags
r-devel-linux-x86_64-debian-clang 0.3.0 6.03 41.03 47.06 OK
r-devel-linux-x86_64-debian-gcc 0.3.0 5.36 32.30 37.66 OK
r-devel-linux-x86_64-fedora-clang 0.3.0 55.56 NOTE
r-devel-linux-x86_64-fedora-gcc 0.3.0 52.09 NOTE
r-devel-windows-ix86+x86_64 0.3.0 28.00 82.00 110.00 OK
r-patched-linux-x86_64 0.3.0 6.41 39.20 45.61 OK
r-patched-solaris-x86 0.3.0 100.70 NOTE
r-release-linux-x86_64 0.3.0 6.44 39.35 45.79 OK
r-release-windows-ix86+x86_64 0.3.0 18.00 51.00 69.00 OK
r-release-osx-x86_64 0.3.0 NOTE
r-oldrel-windows-ix86+x86_64 0.3.0 16.00 53.00 69.00 OK
r-oldrel-osx-x86_64 0.3.0 ERROR

Check Details

Version: 0.3.0
Check: dependencies in R code
Result: NOTE
    Namespaces in Imports field not imported from:
     ‘DT’ ‘RColorBrewer’ ‘plotly’ ‘shinyBS’ ‘shinyWidgets’ ‘shinyjs’
     ‘shinythemes’ ‘zip’
     All declared Imports should be used.
Flavors: r-devel-linux-x86_64-fedora-clang, r-devel-linux-x86_64-fedora-gcc, r-patched-solaris-x86, r-release-osx-x86_64

Version: 0.3.0
Check: data for non-ASCII characters
Result: NOTE
     Note: found 162 marked UTF-8 strings
Flavors: r-devel-linux-x86_64-fedora-clang, r-devel-linux-x86_64-fedora-gcc, r-patched-solaris-x86, r-release-osx-x86_64

Version: 0.3.0
Check: package dependencies
Result: ERROR
    Package required and available but unsuitable version: ‘plotly’
    
    See section ‘The DESCRIPTION file’ in the ‘Writing R Extensions’
    manual.
Flavor: r-oldrel-osx-x86_64