CRAN Package Check Results for Package UCSCXenaTools

Last updated on 2024-02-21 09:08:54 CET.

Flavor Version Tinstall Tcheck Ttotal Status Flags
r-devel-linux-x86_64-debian-clang 1.4.8 OK
r-devel-linux-x86_64-debian-gcc 1.4.8 6.81 52.40 59.21 OK
r-devel-linux-x86_64-fedora-clang 1.4.8 98.09 NOTE
r-devel-linux-x86_64-fedora-gcc 1.4.8 105.08 NOTE
r-devel-windows-x86_64 1.4.8 8.00 83.00 91.00 OK
r-patched-linux-x86_64 1.4.8 6.88 67.87 74.75 OK
r-release-linux-x86_64 1.4.8 5.43 67.89 73.32 OK
r-release-macos-arm64 1.4.8 68.00 OK
r-release-macos-x86_64 1.4.8 90.00 OK
r-release-windows-x86_64 1.4.8 11.00 91.00 102.00 OK
r-oldrel-macos-arm64 1.4.8 51.00 NOTE
r-oldrel-windows-x86_64 1.4.8 13.00 107.00 120.00 OK

Check Details

Version: 1.4.8
Check: data for non-ASCII characters
Result: NOTE Note: found 2 marked UTF-8 strings Flavors: r-devel-linux-x86_64-fedora-clang, r-devel-linux-x86_64-fedora-gcc, r-oldrel-macos-arm64