Last updated on 2022-08-08 10:56:36 CEST.
Flavor | Version | Tinstall | Tcheck | Ttotal | Status | Flags |
---|---|---|---|---|---|---|
r-devel-linux-x86_64-debian-clang | 1.4.8 | 9.48 | 81.50 | 90.98 | OK | |
r-devel-linux-x86_64-debian-gcc | 1.4.8 | 6.52 | 59.06 | 65.58 | OK | |
r-devel-linux-x86_64-fedora-clang | 1.4.8 | 116.60 | NOTE | |||
r-devel-linux-x86_64-fedora-gcc | 1.4.8 | 109.35 | NOTE | |||
r-devel-windows-x86_64 | 1.4.8 | 90.00 | 129.00 | 219.00 | OK | |
r-patched-linux-x86_64 | 1.4.8 | 7.15 | 74.13 | 81.28 | OK | |
r-release-linux-x86_64 | 1.4.8 | OK | ||||
r-release-macos-arm64 | 1.4.8 | 51.00 | NOTE | |||
r-release-macos-x86_64 | 1.4.8 | 71.00 | NOTE | |||
r-release-windows-x86_64 | 1.4.8 | 81.00 | 194.00 | 275.00 | OK | |
r-oldrel-macos-arm64 | 1.4.8 | 50.00 | NOTE | |||
r-oldrel-macos-x86_64 | 1.4.8 | 69.00 | NOTE | |||
r-oldrel-windows-ix86+x86_64 | 1.4.8 | 22.00 | 130.00 | 152.00 | OK |
Version: 1.4.8
Check: data for non-ASCII characters
Result: NOTE
Note: found 2 marked UTF-8 strings
Flavors: r-devel-linux-x86_64-fedora-clang, r-devel-linux-x86_64-fedora-gcc, r-release-macos-arm64, r-release-macos-x86_64, r-oldrel-macos-arm64, r-oldrel-macos-x86_64