CRAN Package Check Results for Package UKgrid

Last updated on 2020-07-07 07:48:18 CEST.

Flavor Version Tinstall Tcheck Ttotal Status Flags
r-devel-linux-x86_64-debian-gcc 0.1.3 4.20 19.76 23.96 OK
r-devel-linux-x86_64-fedora-clang 0.1.3 44.84 OK
r-devel-linux-x86_64-fedora-gcc 0.1.3 35.94 OK
r-patched-linux-x86_64 0.1.3 4.80 24.80 29.60 OK
r-patched-solaris-x86 0.1.3 54.20 NOTE
r-release-osx-x86_64 0.1.2 OK
r-release-windows-ix86+x86_64 0.1.3 14.00 56.00 70.00 OK
r-oldrel-osx-x86_64 0.1.3 OK

Check Details

Version: 0.1.3
Check: package dependencies
Result: NOTE
    Package suggested but not available for checking: ‘TSstudio’
Flavor: r-patched-solaris-x86