CRAN Package Check Results for Package UPCM

Last updated on 2022-05-24 21:51:56 CEST.

Flavor Version Tinstall Tcheck Ttotal Status Flags
r-devel-linux-x86_64-debian-clang 0.0-3 65.56 87.57 153.13 OK
r-devel-linux-x86_64-debian-gcc 0.0-3 44.23 68.32 112.55 OK
r-devel-linux-x86_64-fedora-clang 0.0-3 211.24 OK
r-devel-linux-x86_64-fedora-gcc 0.0-3 180.52 OK
r-devel-windows-x86_64 0.0-3 44.00 119.00 163.00 OK
r-patched-linux-x86_64 0.0-3 47.50 81.74 129.24 OK
r-release-linux-x86_64 0.0-3 OK
r-release-macos-arm64 0.0-3 52.00 NOTE
r-release-macos-x86_64 0.0-3 65.00 NOTE
r-release-windows-x86_64 0.0-3 44.00 119.00 163.00 OK
r-oldrel-macos-arm64 0.0-3 56.00 NOTE
r-oldrel-macos-x86_64 0.0-3 92.00 NOTE
r-oldrel-windows-ix86+x86_64 0.0-3 130.00 136.00 266.00 OK

Check Details

Version: 0.0-3
Check: installed package size
Result: NOTE
     installed size is 5.3Mb
     sub-directories of 1Mb or more:
     libs 5.2Mb
Flavors: r-release-macos-arm64, r-release-macos-x86_64, r-oldrel-macos-arm64, r-oldrel-macos-x86_64