CRAN Package Check Results for Package USAboundaries

Last updated on 2017-02-22 03:47:57.

Flavor Version Tinstall Tcheck Ttotal Status Flags
r-devel-linux-x86_64-debian-clang 0.2.0 11.19 35.91 47.10 NOTE
r-devel-linux-x86_64-debian-gcc 0.2.0 11.24 36.23 47.48 NOTE
r-devel-linux-x86_64-fedora-clang 0.2.0 88.19 NOTE --no-stop-on-test-error
r-devel-linux-x86_64-fedora-gcc 0.2.0 86.04 NOTE --no-stop-on-test-error
r-devel-macos-x86_64-clang 0.2.0 70.60 NOTE --no-stop-on-test-error
r-devel-windows-ix86+x86_64 0.2.0 28.00 91.00 119.00 NOTE
r-patched-linux-x86_64 0.2.0 11.14 32.65 43.79 NOTE
r-patched-solaris-sparc 0.2.0 589.40 NOTE
r-patched-solaris-x86 0.2.0 117.60 NOTE
r-release-linux-x86_64 0.2.0 11.05 31.41 42.46 NOTE
r-release-osx-x86_64-mavericks 0.2.0 NOTE
r-release-windows-ix86+x86_64 0.2.0 31.00 59.00 90.00 NOTE
r-oldrel-windows-ix86+x86_64 0.2.0 27.00 79.00 106.00 NOTE

Check Details

Version: 0.2.0
Check: package dependencies
Result: NOTE
    Package suggested but not available for checking: ‘USAboundariesData’
Flavors: r-devel-linux-x86_64-debian-clang, r-devel-linux-x86_64-debian-gcc, r-devel-windows-ix86+x86_64, r-patched-linux-x86_64, r-patched-solaris-sparc, r-patched-solaris-x86, r-release-linux-x86_64, r-release-osx-x86_64-mavericks, r-release-windows-ix86+x86_64, r-oldrel-windows-ix86+x86_64

Version: 0.2.0
Flags: --no-stop-on-test-error
Check: package dependencies
Result: NOTE
    Package suggested but not available for checking: ‘USAboundariesData’
Flavors: r-devel-linux-x86_64-fedora-clang, r-devel-linux-x86_64-fedora-gcc, r-devel-macos-x86_64-clang