CRAN Package Check Results for Package USAboundaries

Last updated on 2017-11-23 02:48:04 CET.

Flavor Version Tinstall Tcheck Ttotal Status Flags
r-devel-linux-x86_64-debian-clang 0.3.0 0.71 18.61 19.31 NOTE
r-devel-linux-x86_64-debian-gcc 0.3.0 0.81 34.18 34.98 NOTE
r-devel-linux-x86_64-fedora-clang 0.3.0 19.66 NOTE
r-devel-linux-x86_64-fedora-gcc 0.3.0 20.56 NOTE
r-devel-windows-ix86+x86_64 0.3.0 3.00 25.00 28.00 NOTE
r-patched-linux-x86_64 0.3.0 0.87 12.35 13.22 NOTE
r-patched-solaris-x86 0.3.0 30.50 NOTE
r-release-linux-x86_64 0.3.0 0.81 11.95 12.76 NOTE
r-release-windows-ix86+x86_64 0.3.0 2.00 27.00 29.00 NOTE
r-release-osx-x86_64 0.3.0 NOTE
r-oldrel-windows-ix86+x86_64 0.3.0 2.00 27.00 29.00 NOTE
r-oldrel-osx-x86_64 0.3.0 NOTE

Check Details

Version: 0.3.0
Check: package dependencies
Result: NOTE
    Package suggested but not available for checking: ‘USAboundariesData’
Flavors: r-devel-linux-x86_64-debian-clang, r-devel-linux-x86_64-debian-gcc, r-devel-linux-x86_64-fedora-clang, r-devel-linux-x86_64-fedora-gcc, r-devel-windows-ix86+x86_64, r-patched-linux-x86_64, r-patched-solaris-x86, r-release-linux-x86_64, r-release-windows-ix86+x86_64, r-release-osx-x86_64, r-oldrel-windows-ix86+x86_64, r-oldrel-osx-x86_64