CRAN Package Check Results for Package USAboundaries

Last updated on 2017-03-30 23:49:09.

Flavor Version Tinstall Tcheck Ttotal Status Flags
r-devel-linux-x86_64-debian-clang 0.2.0 12.32 37.01 49.33 NOTE
r-devel-linux-x86_64-debian-gcc 0.2.0 12.24 36.25 48.49 NOTE
r-devel-linux-x86_64-fedora-clang 0.2.0 88.00 NOTE --no-stop-on-test-error
r-devel-linux-x86_64-fedora-gcc 0.2.0 87.43 NOTE --no-stop-on-test-error
r-devel-macos-x86_64-clang 0.2.0 70.16 NOTE --no-stop-on-test-error
r-devel-windows-ix86+x86_64 0.2.0 21.00 63.00 84.00 NOTE
r-patched-linux-x86_64 0.2.0 11.36 36.14 47.50 NOTE
r-patched-solaris-sparc 0.2.0 593.70 NOTE
r-patched-solaris-x86 0.2.0 127.30 NOTE
r-release-linux-x86_64 0.2.0 11.06 31.94 43.00 NOTE
r-release-osx-x86_64-mavericks 0.2.0 NOTE
r-release-windows-ix86+x86_64 0.2.0 31.00 84.00 115.00 NOTE
r-oldrel-windows-ix86+x86_64 0.2.0 26.00 80.00 106.00 NOTE

Check Details

Version: 0.2.0
Check: package dependencies
Result: NOTE
    Package suggested but not available for checking: ‘USAboundariesData’
Flavors: r-devel-linux-x86_64-debian-clang, r-devel-linux-x86_64-debian-gcc, r-devel-windows-ix86+x86_64, r-patched-linux-x86_64, r-patched-solaris-sparc, r-patched-solaris-x86, r-release-linux-x86_64, r-release-osx-x86_64-mavericks, r-release-windows-ix86+x86_64, r-oldrel-windows-ix86+x86_64

Version: 0.2.0
Flags: --no-stop-on-test-error
Check: package dependencies
Result: NOTE
    Package suggested but not available for checking: ‘USAboundariesData’
Flavors: r-devel-linux-x86_64-fedora-clang, r-devel-linux-x86_64-fedora-gcc, r-devel-macos-x86_64-clang