CRAN Package Check Results for Package USAboundaries

Last updated on 2017-05-29 19:48:18.

Flavor Version Tinstall Tcheck Ttotal Status Flags
r-devel-linux-x86_64-debian-clang 0.2.0 11.73 36.93 48.67 NOTE
r-devel-linux-x86_64-debian-gcc 0.2.0 11.67 36.35 48.02 NOTE
r-devel-linux-x86_64-fedora-clang 0.2.0 90.16 NOTE
r-devel-linux-x86_64-fedora-gcc 0.2.0 85.91 NOTE
r-devel-windows-ix86+x86_64 0.2.0 22.00 92.00 114.00 NOTE
r-patched-linux-x86_64 0.2.0 12.03 36.11 48.14 NOTE
r-patched-solaris-sparc 0.2.0 593.70 NOTE
r-patched-solaris-x86 0.2.0 128.10 NOTE
r-release-linux-x86_64 0.2.0 12.31 37.15 49.46 NOTE
r-release-windows-ix86+x86_64 0.2.0 27.00 69.00 96.00 NOTE
r-release-osx-x86_64 0.2.0 NOTE
r-oldrel-windows-ix86+x86_64 0.2.0 26.00 60.00 86.00 NOTE
r-oldrel-osx-x86_64 0.2.0 NOTE

Check Details

Version: 0.2.0
Check: package dependencies
Result: NOTE
    Package suggested but not available for checking: ‘USAboundariesData’
Flavors: r-devel-linux-x86_64-debian-clang, r-devel-linux-x86_64-debian-gcc, r-devel-linux-x86_64-fedora-clang, r-devel-linux-x86_64-fedora-gcc, r-devel-windows-ix86+x86_64, r-patched-linux-x86_64, r-patched-solaris-sparc, r-patched-solaris-x86, r-release-linux-x86_64, r-release-windows-ix86+x86_64, r-release-osx-x86_64, r-oldrel-windows-ix86+x86_64, r-oldrel-osx-x86_64