CRAN Package Check Results for Package USAboundaries

Last updated on 2017-09-24 15:50:14.

Flavor Version Tinstall Tcheck Ttotal Status Flags
r-devel-linux-x86_64-debian-clang 0.3.0 0.78 12.21 13.00 NOTE
r-devel-linux-x86_64-debian-gcc 0.3.0 0.75 11.88 12.63 NOTE
r-devel-linux-x86_64-fedora-clang 0.3.0 21.65 NOTE
r-devel-linux-x86_64-fedora-gcc 0.3.0 20.94 NOTE
r-devel-windows-ix86+x86_64 0.3.0 4.00 27.00 31.00 NOTE
r-patched-linux-x86_64 0.3.0 0.81 11.84 12.65 NOTE
r-patched-solaris-x86 0.3.0 31.00 NOTE
r-release-linux-x86_64 0.3.0 0.80 12.04 12.83 NOTE
r-release-windows-ix86+x86_64 0.3.0 3.00 26.00 29.00 NOTE
r-release-osx-x86_64 0.3.0 NOTE
r-oldrel-windows-ix86+x86_64 0.3.0 2.00 28.00 30.00 NOTE
r-oldrel-osx-x86_64 0.3.0 NOTE

Check Details

Version: 0.3.0
Check: package dependencies
Result: NOTE
    Package suggested but not available for checking: ‘USAboundariesData’
Flavors: r-devel-linux-x86_64-debian-clang, r-devel-linux-x86_64-debian-gcc, r-devel-linux-x86_64-fedora-clang, r-devel-linux-x86_64-fedora-gcc, r-devel-windows-ix86+x86_64, r-patched-linux-x86_64, r-patched-solaris-x86, r-release-linux-x86_64, r-release-windows-ix86+x86_64, r-release-osx-x86_64, r-oldrel-windows-ix86+x86_64, r-oldrel-osx-x86_64