CRAN Package Check Results for Package USAboundaries

Last updated on 2018-04-25 07:48:08 CEST.

Flavor Version Tinstall Tcheck Ttotal Status Flags
r-devel-linux-x86_64-debian-clang 0.3.1 1.67 22.05 23.72 NOTE
r-devel-linux-x86_64-debian-gcc 0.3.1 1.13 17.46 18.59 NOTE
r-devel-linux-x86_64-fedora-clang 0.3.1 27.50 NOTE
r-devel-linux-x86_64-fedora-gcc 0.3.1 26.00 NOTE
r-devel-windows-ix86+x86_64 0.3.1 5.00 33.00 38.00 NOTE
r-patched-linux-x86_64 0.3.1 1.19 21.37 22.56 NOTE
r-patched-solaris-x86 0.3.1 43.50 NOTE
r-release-linux-x86_64 0.3.1 1.07 21.25 22.32 NOTE
r-release-windows-ix86+x86_64 0.3.1 5.00 33.00 38.00 NOTE
r-release-osx-x86_64 0.3.1 NOTE
r-oldrel-windows-ix86+x86_64 0.3.1 3.00 33.00 36.00 NOTE
r-oldrel-osx-x86_64 0.3.1 NOTE

Check Details

Version: 0.3.1
Check: package dependencies
Result: NOTE
    Package suggested but not available for checking: ‘USAboundariesData’
Flavors: r-devel-linux-x86_64-debian-clang, r-devel-linux-x86_64-debian-gcc, r-devel-linux-x86_64-fedora-clang, r-devel-linux-x86_64-fedora-gcc, r-devel-windows-ix86+x86_64, r-patched-linux-x86_64, r-patched-solaris-x86, r-release-linux-x86_64, r-release-windows-ix86+x86_64, r-release-osx-x86_64, r-oldrel-windows-ix86+x86_64, r-oldrel-osx-x86_64