CRAN Package Check Results for Package USAboundaries

Last updated on 2017-07-28 17:46:51.

Flavor Version Tinstall Tcheck Ttotal Status Flags
r-devel-linux-x86_64-debian-clang 0.3.0 0.96 18.14 19.10 NOTE
r-devel-linux-x86_64-debian-gcc 0.3.0 0.92 18.11 19.03 NOTE
r-devel-linux-x86_64-fedora-clang 0.3.0 20.80 NOTE
r-devel-linux-x86_64-fedora-gcc 0.3.0 19.84 NOTE
r-devel-windows-ix86+x86_64 0.3.0 2.00 28.00 30.00 NOTE
r-patched-linux-x86_64 0.3.0 0.83 18.16 18.99 NOTE
r-patched-solaris-x86 0.3.0 30.90 NOTE
r-release-linux-x86_64 0.3.0 0.85 18.32 19.17 NOTE
r-release-windows-ix86+x86_64 0.3.0 3.00 42.00 45.00 NOTE
r-release-osx-x86_64 0.3.0 NOTE
r-oldrel-windows-ix86+x86_64 0.3.0 2.00 24.00 26.00 NOTE
r-oldrel-osx-x86_64 0.3.0 NOTE

Check Details

Version: 0.3.0
Check: package dependencies
Result: NOTE
    Package suggested but not available for checking: ‘USAboundariesData’
Flavors: r-devel-linux-x86_64-debian-clang, r-devel-linux-x86_64-debian-gcc, r-devel-linux-x86_64-fedora-clang, r-devel-linux-x86_64-fedora-gcc, r-devel-windows-ix86+x86_64, r-patched-linux-x86_64, r-patched-solaris-x86, r-release-linux-x86_64, r-release-windows-ix86+x86_64, r-release-osx-x86_64, r-oldrel-windows-ix86+x86_64, r-oldrel-osx-x86_64