CRAN Package Check Results for Package USpopcenters

Last updated on 2022-12-01 06:52:59 CET.

Flavor Version Tinstall Tcheck Ttotal Status Flags
r-devel-linux-x86_64-debian-clang 0.1.1 16.49 35.28 51.77 OK
r-devel-linux-x86_64-debian-gcc 0.1.1 14.10 28.22 42.32 OK
r-devel-linux-x86_64-fedora-clang 0.1.1 80.15 NOTE
r-devel-linux-x86_64-fedora-gcc 0.1.1 77.22 NOTE
r-devel-windows-x86_64 0.1.1 35.00 74.00 109.00 OK
r-patched-linux-x86_64 0.1.1 16.42 34.29 50.71 OK
r-release-linux-x86_64 0.1.1 15.58 34.17 49.75 OK
r-release-macos-arm64 0.1.1 28.00 NOTE
r-release-macos-x86_64 0.1.1 37.00 NOTE
r-release-windows-x86_64 0.1.1 31.00 66.00 97.00 OK
r-oldrel-macos-arm64 0.1.1 33.00 NOTE
r-oldrel-macos-x86_64 0.1.1 40.00 NOTE
r-oldrel-windows-ix86+x86_64 0.1.1 25.00 62.00 87.00 OK

Check Details

Version: 0.1.1
Check: data for non-ASCII characters
Result: NOTE
     Note: found 33 marked UTF-8 strings
Flavors: r-devel-linux-x86_64-fedora-clang, r-devel-linux-x86_64-fedora-gcc, r-release-macos-arm64, r-release-macos-x86_64, r-oldrel-macos-arm64, r-oldrel-macos-x86_64

Version: 0.1.1
Check: installed package size
Result: NOTE
     installed size is 5.1Mb
     sub-directories of 1Mb or more:
     data 5.0Mb
Flavors: r-release-macos-arm64, r-oldrel-macos-arm64