CRAN Package Check Results for Package VAM

Last updated on 2021-05-08 11:50:44 CEST.

Flavor Version Tinstall Tcheck Ttotal Status Flags
r-devel-linux-x86_64-debian-clang 0.5.2 6.94 102.38 109.32 NOTE
r-devel-linux-x86_64-debian-gcc 0.5.2 5.45 79.27 84.72 NOTE
r-devel-linux-x86_64-fedora-clang 0.5.2 145.19 NOTE
r-devel-linux-x86_64-fedora-gcc 0.5.2 139.35 NOTE
r-devel-windows-ix86+x86_64 0.5.2 14.00 128.00 142.00 NOTE
r-devel-windows-x86_64-gcc10-UCRT 0.5.2 NOTE
r-patched-linux-x86_64 0.5.2 6.66 98.96 105.62 NOTE
r-patched-solaris-x86 0.5.2 196.30 OK
r-release-linux-x86_64 0.5.2 6.61 98.39 105.00 OK
r-release-macos-x86_64 0.5.2 OK
r-release-windows-ix86+x86_64 0.5.2 13.00 103.00 116.00 OK
r-oldrel-macos-x86_64 0.5.2 OK
r-oldrel-windows-ix86+x86_64 0.5.2 14.00 11.00 25.00 ERROR

Check Details

Version: 0.5.2
Check: LazyData
Result: NOTE
     'LazyData' is specified without a 'data' directory
Flavors: r-devel-linux-x86_64-debian-clang, r-devel-linux-x86_64-debian-gcc, r-devel-linux-x86_64-fedora-clang, r-devel-linux-x86_64-fedora-gcc, r-devel-windows-ix86+x86_64, r-devel-windows-x86_64-gcc10-UCRT, r-patched-linux-x86_64

Version: 0.5.2
Check: whether package can be installed
Result: ERROR
    Installation failed.
Flavor: r-oldrel-windows-ix86+x86_64