CRAN Package Check Results for Package VBTree

Last updated on 2019-11-22 03:49:31 CET.

Flavor Version Tinstall Tcheck Ttotal Status Flags
r-devel-linux-x86_64-debian-clang 0.1.0 NOTE
r-devel-linux-x86_64-debian-gcc 0.1.0 2.16 20.86 23.02 NOTE
r-devel-linux-x86_64-fedora-clang 0.1.0 34.86 OK
r-devel-linux-x86_64-fedora-gcc 0.1.0 39.00 OK
r-devel-windows-ix86+x86_64 0.1.0 9.00 53.00 62.00 NOTE
r-devel-windows-ix86+x86_64-gcc8 0.1.0 9.00 36.00 45.00 NOTE
r-patched-linux-x86_64 0.1.0 2.34 24.79 27.13 OK
r-patched-solaris-x86 0.1.0 48.80 OK
r-release-linux-x86_64 0.1.0 2.35 24.91 27.26 OK
r-release-windows-ix86+x86_64 0.1.0 9.00 36.00 45.00 OK
r-release-osx-x86_64 0.1.0 OK
r-oldrel-windows-ix86+x86_64 0.1.0 3.00 53.00 56.00 OK
r-oldrel-osx-x86_64 0.1.0 OK

Check Details

Version: 0.1.0
Check: package vignettes
Result: NOTE
    Package vignette with placeholder title 'Vignette Title':
     'VBTree_vignette.Rmd'
Flavors: r-devel-linux-x86_64-debian-clang, r-devel-linux-x86_64-debian-gcc, r-devel-windows-ix86+x86_64, r-devel-windows-ix86+x86_64-gcc8