CRAN Package Check Results for Package VBTree

Last updated on 2020-07-07 07:48:18 CEST.

Flavor Version Tinstall Tcheck Ttotal Status Flags
r-devel-linux-x86_64-debian-clang 0.1.0 2.88 27.07 29.95 NOTE
r-devel-linux-x86_64-debian-gcc 0.1.0 2.25 21.59 23.84 NOTE
r-devel-linux-x86_64-fedora-clang 0.1.0 43.86 OK
r-devel-linux-x86_64-fedora-gcc 0.1.0 36.50 OK
r-devel-windows-ix86+x86_64 0.1.0 7.00 44.00 51.00 NOTE
r-patched-linux-x86_64 0.1.0 2.64 27.15 29.79 NOTE
r-patched-solaris-x86 0.1.0 52.60 OK
r-release-linux-x86_64 0.1.0 2.66 27.14 29.80 NOTE
r-release-osx-x86_64 0.1.0 OK
r-release-windows-ix86+x86_64 0.1.0 6.00 41.00 47.00 NOTE
r-oldrel-osx-x86_64 0.1.0 OK
r-oldrel-windows-ix86+x86_64 0.1.0 6.00 58.00 64.00 OK

Check Details

Version: 0.1.0
Check: package vignettes
Result: NOTE
    Package vignette with placeholder title 'Vignette Title':
     'VBTree_vignette.Rmd'
Flavors: r-devel-linux-x86_64-debian-clang, r-devel-linux-x86_64-debian-gcc, r-devel-windows-ix86+x86_64, r-patched-linux-x86_64, r-release-linux-x86_64, r-release-windows-ix86+x86_64