CRAN Package Check Results for Package VBmix

Last updated on 2018-01-23 07:47:28 CET.

Flavor Version Tinstall Tcheck Ttotal Status Flags
r-devel-linux-x86_64-debian-clang 0.3.2 13.30 36.66 49.96 OK
r-devel-linux-x86_64-debian-gcc 0.3.2 11.46 32.70 44.16 WARN
r-devel-linux-x86_64-fedora-clang 0.3.2 61.97 OK
r-devel-linux-x86_64-fedora-gcc 0.3.2 60.04 WARN
r-patched-linux-x86_64 0.3.2 12.61 38.92 51.53 OK
r-release-linux-x86_64 0.3.2 12.54 37.87 50.41 OK
r-release-osx-x86_64 0.3.2 ERROR
r-oldrel-osx-x86_64 0.3.2 NOTE

Additional issues

rchk

Check Details

Version: 0.3.2
Check: whether package can be installed
Result: WARN
    Found the following significant warnings:
     EM.c:386:25: warning: ‘sprintf’ writing a terminating nul past the end of the destination [-Wformat-overflow=]
     EM.c:391:25: warning: ‘sprintf’ writing a terminating nul past the end of the destination [-Wformat-overflow=]
Flavors: r-devel-linux-x86_64-debian-gcc, r-devel-linux-x86_64-fedora-gcc

Version: 0.3.2
Check: whether package can be installed
Result: ERROR
    Installation failed.
Flavor: r-release-osx-x86_64

Version: 0.3.2
Check: installed package size
Result: NOTE
     installed size is 5.4Mb
     sub-directories of 1Mb or more:
     data 1.5Mb
     libs 2.9Mb
Flavor: r-oldrel-osx-x86_64