CRAN Package Check Results for Package VDAP

Last updated on 2018-05-23 16:48:35 CEST.

Flavor Version Tinstall Tcheck Ttotal Status Flags
r-devel-linux-x86_64-debian-clang 2.0.0 5.80 80.67 86.47 OK
r-devel-linux-x86_64-debian-gcc 2.0.0 0.24 1.32 1.56 ERROR
r-devel-linux-x86_64-fedora-clang 2.0.0 107.96 OK
r-devel-linux-x86_64-fedora-gcc 2.0.0 107.32 OK
r-devel-windows-ix86+x86_64 2.0.0 10.00 87.00 97.00 OK
r-patched-linux-x86_64 2.0.0 5.59 68.57 74.16 OK
r-patched-solaris-x86 2.0.0 143.90 OK
r-release-linux-x86_64 2.0.0 5.50 67.96 73.46 OK
r-release-windows-ix86+x86_64 2.0.0 20.00 112.00 132.00 OK
r-release-osx-x86_64 2.0.0 OK
r-oldrel-windows-ix86+x86_64 2.0.0 17.00 121.00 138.00 OK
r-oldrel-osx-x86_64 2.0.0 OK

Check Details

Version: 2.0.0
Check: package dependencies
Result: ERROR
    Packages required but not available: ‘drc’ ‘ggplot2’
    
    See section ‘The DESCRIPTION file’ in the ‘Writing R Extensions’
    manual.
Flavor: r-devel-linux-x86_64-debian-gcc