CRAN Package Check Results for Package VDAP

Last updated on 2018-08-19 04:47:17 CEST.

Flavor Version Tinstall Tcheck Ttotal Status Flags
r-devel-linux-x86_64-debian-clang 2.0.0 6.37 88.01 94.38 OK
r-devel-linux-x86_64-debian-gcc 2.0.0 6.83 70.38 77.21 OK
r-devel-linux-x86_64-fedora-clang 2.0.0 117.25 OK
r-devel-linux-x86_64-fedora-gcc 2.0.0 107.92 OK
r-devel-windows-ix86+x86_64 2.0.0 21.00 112.00 133.00 WARN
r-patched-linux-x86_64 2.0.0 6.00 72.86 78.86 OK
r-patched-solaris-x86 2.0.0 155.10 OK
r-release-linux-x86_64 2.0.0 5.63 73.69 79.32 OK
r-release-windows-ix86+x86_64 2.0.0 24.00 124.00 148.00 WARN
r-release-osx-x86_64 2.0.0 OK
r-oldrel-windows-ix86+x86_64 2.0.0 13.00 90.00 103.00 WARN
r-oldrel-osx-x86_64 2.0.0 OK

Check Details

Version: 2.0.0
Check: whether package can be installed
Result: WARN
    Found the following significant warnings:
     Warning: S3 methods '[.fun_list', '[.grouped_df', 'all.equal.tbl_df', 'anti_join.data.frame', 'anti_join.tbl_df', 'arrange.data.frame', 'arrange.default', 'arrange.grouped_df', 'arrange.tbl_df', 'arrange_.data.frame', 'arrange_.tbl_df', 'as.data.frame.grouped_df', 'as.data.frame.rowwise_df', 'as.data.frame.tbl_cube', 'as.data.frame.tbl_df', 'as.table.tbl_cube', 'as.tbl.data.frame', 'as.tbl.tbl', 'as.tbl_cube.array', 'as.tbl_cube.data.frame', 'as.tbl_cube.matrix', 'as.tbl_cube.table', 'as_data_frame.grouped_df', 'as_data_frame.tbl_cube', 'auto_copy.tbl_cube', 'auto_copy.tbl_df', 'cbind.grouped_df', 'collapse.data.frame', 'collect.data.frame', 'common_by.NULL', 'common_by.character', 'common_by.default', 'common_by.list', 'compute.data.frame', 'copy_to.DBIConnection', 'copy_to.src_local', 'default_missing.data.frame', 'default_missing.default', 'dim.tbl_cube', 'distinct.data.frame', 'distinct.default', 'distinct.grouped_df', 'distinct.tbl_df', 'distinct_.data.frame', 'distinct_.grouped_df', 'dist [... truncated]
Flavors: r-devel-windows-ix86+x86_64, r-release-windows-ix86+x86_64, r-oldrel-windows-ix86+x86_64