CRAN Package Check Results for Package VGAM

Last updated on 2019-04-20 16:50:13 CEST.

Flavor Version Tinstall Tcheck Ttotal Status Flags
r-devel-linux-x86_64-debian-clang 1.1-1 87.42 523.12 610.54 OK
r-devel-linux-x86_64-debian-gcc 1.1-1 72.06 396.00 468.06 OK
r-devel-linux-x86_64-fedora-clang 1.1-1 697.89 NOTE
r-devel-linux-x86_64-fedora-gcc 1.1-1 666.59 OK
r-devel-windows-ix86+x86_64 1.1-1 201.00 920.00 1121.00 NOTE
r-patched-linux-x86_64 1.1-1 84.68 521.03 605.71 OK
r-patched-solaris-x86 1.1-1 894.20 NOTE
r-release-linux-x86_64 1.1-1 79.32 502.45 581.77 OK
r-release-windows-ix86+x86_64 1.1-1 167.00 780.00 947.00 NOTE
r-release-osx-x86_64 1.1-1 NOTE
r-oldrel-windows-ix86+x86_64 1.1-1 73.00 864.00 937.00 NOTE
r-oldrel-osx-x86_64 1.1-1 NOTE

Check Details

Version: 1.1-1
Check: installed package size
Result: NOTE
     installed size is 9.1Mb
     sub-directories of 1Mb or more:
     R 3.7Mb
     doc 1.2Mb
     help 2.8Mb
Flavors: r-devel-linux-x86_64-fedora-clang, r-devel-windows-ix86+x86_64, r-patched-solaris-x86, r-release-windows-ix86+x86_64, r-release-osx-x86_64, r-oldrel-windows-ix86+x86_64, r-oldrel-osx-x86_64