CRAN Package Check Results for Package VHDClassification

Last updated on 2018-05-27 06:47:21 CEST.

Flavor Version Tinstall Tcheck Ttotal Status Flags
r-devel-linux-x86_64-debian-clang 0.3 2.15 79.58 81.73 NOTE
r-devel-linux-x86_64-debian-gcc 0.3 1.60 62.89 64.49 NOTE
r-devel-linux-x86_64-fedora-clang 0.3 103.47 NOTE
r-devel-linux-x86_64-fedora-gcc 0.3 97.84 NOTE
r-devel-windows-ix86+x86_64 0.3 5.00 101.00 106.00 NOTE
r-patched-linux-x86_64 0.3 2.72 77.97 80.69 NOTE
r-patched-solaris-x86 0.3 142.50 NOTE
r-release-linux-x86_64 0.3 2.96 78.01 80.97 NOTE
r-release-windows-ix86+x86_64 0.3 8.00 115.00 123.00 NOTE
r-release-osx-x86_64 0.3 NOTE
r-oldrel-windows-ix86+x86_64 0.3 6.00 96.00 102.00 NOTE
r-oldrel-osx-x86_64 0.3 NOTE

Check Details

Version: 0.3
Check: DESCRIPTION meta-information
Result: NOTE
    Malformed Title field: should not end in a period.
Flavors: r-devel-linux-x86_64-debian-clang, r-devel-linux-x86_64-debian-gcc, r-devel-linux-x86_64-fedora-clang, r-devel-linux-x86_64-fedora-gcc, r-devel-windows-ix86+x86_64, r-patched-linux-x86_64, r-patched-solaris-x86, r-release-linux-x86_64, r-release-windows-ix86+x86_64, r-release-osx-x86_64, r-oldrel-windows-ix86+x86_64, r-oldrel-osx-x86_64