CRAN Package Check Results for Package VHDClassification

Last updated on 2019-02-23 00:10:37 CET.

Flavor Version Tinstall Tcheck Ttotal Status Flags
r-devel-linux-x86_64-debian-clang 0.3 2.48 85.47 87.95 NOTE
r-devel-linux-x86_64-debian-gcc 0.3 2.38 64.25 66.63 NOTE
r-devel-linux-x86_64-fedora-clang 0.3 103.78 NOTE
r-devel-linux-x86_64-fedora-gcc 0.3 99.57 NOTE
r-devel-windows-ix86+x86_64 0.3 7.00 121.00 128.00 NOTE
r-patched-linux-x86_64 0.3 2.00 78.47 80.47 NOTE
r-patched-solaris-x86 0.3 148.40 NOTE
r-release-linux-x86_64 0.3 NOTE
r-release-windows-ix86+x86_64 0.3 7.00 119.00 126.00 NOTE
r-release-osx-x86_64 0.3 NOTE
r-oldrel-windows-ix86+x86_64 0.3 3.00 137.00 140.00 NOTE
r-oldrel-osx-x86_64 0.3 NOTE

Check Details

Version: 0.3
Check: DESCRIPTION meta-information
Result: NOTE
    Malformed Title field: should not end in a period.
Flavors: r-devel-linux-x86_64-debian-clang, r-devel-linux-x86_64-debian-gcc, r-devel-linux-x86_64-fedora-clang, r-devel-linux-x86_64-fedora-gcc, r-devel-windows-ix86+x86_64, r-patched-linux-x86_64, r-patched-solaris-x86, r-release-linux-x86_64, r-release-windows-ix86+x86_64, r-release-osx-x86_64, r-oldrel-windows-ix86+x86_64, r-oldrel-osx-x86_64