CRAN Package Check Results for Package VHDClassification

Last updated on 2018-08-17 21:48:30 CEST.

Flavor Version Tinstall Tcheck Ttotal Status Flags
r-devel-linux-x86_64-debian-clang 0.3 2.27 80.41 82.68 NOTE
r-devel-linux-x86_64-debian-gcc 0.3 1.81 62.93 64.74 NOTE
r-devel-linux-x86_64-fedora-clang 0.3 99.03 NOTE
r-devel-linux-x86_64-fedora-gcc 0.3 94.81 NOTE
r-devel-windows-ix86+x86_64 0.3 7.00 120.00 127.00 NOTE
r-patched-linux-x86_64 0.3 2.04 78.03 80.07 NOTE
r-patched-solaris-x86 0.3 146.70 NOTE
r-release-linux-x86_64 0.3 2.51 79.23 81.74 NOTE
r-release-windows-ix86+x86_64 0.3 8.00 112.00 120.00 NOTE
r-release-osx-x86_64 0.3 NOTE
r-oldrel-windows-ix86+x86_64 0.3 3.00 95.00 98.00 NOTE
r-oldrel-osx-x86_64 0.3 NOTE

Check Details

Version: 0.3
Check: DESCRIPTION meta-information
Result: NOTE
    Malformed Title field: should not end in a period.
Flavors: r-devel-linux-x86_64-debian-clang, r-devel-linux-x86_64-debian-gcc, r-devel-linux-x86_64-fedora-clang, r-devel-linux-x86_64-fedora-gcc, r-devel-windows-ix86+x86_64, r-patched-linux-x86_64, r-patched-solaris-x86, r-release-linux-x86_64, r-release-windows-ix86+x86_64, r-release-osx-x86_64, r-oldrel-windows-ix86+x86_64, r-oldrel-osx-x86_64