CRAN Package Check Results for Package VHDClassification

Last updated on 2018-02-19 19:48:05 CET.

Flavor Version Tinstall Tcheck Ttotal Status Flags
r-devel-linux-x86_64-debian-clang 0.3 1.91 72.63 74.54 NOTE
r-devel-linux-x86_64-debian-gcc 0.3 2.18 60.96 63.14 NOTE
r-devel-linux-x86_64-fedora-clang 0.3 94.53 NOTE
r-devel-linux-x86_64-fedora-gcc 0.3 91.07 NOTE
r-devel-windows-ix86+x86_64 0.3 4.00 86.00 90.00 NOTE
r-patched-linux-x86_64 0.3 1.39 87.35 88.74 NOTE
r-patched-solaris-x86 0.3 141.80 NOTE
r-release-linux-x86_64 0.3 1.51 85.50 87.01 NOTE
r-release-windows-ix86+x86_64 0.3 5.00 93.00 98.00 NOTE
r-release-osx-x86_64 0.3 NOTE
r-oldrel-windows-ix86+x86_64 0.3 5.00 127.00 132.00 NOTE
r-oldrel-osx-x86_64 0.3 NOTE

Check Details

Version: 0.3
Check: DESCRIPTION meta-information
Result: NOTE
    Malformed Title field: should not end in a period.
Flavors: r-devel-linux-x86_64-debian-clang, r-devel-linux-x86_64-debian-gcc, r-devel-linux-x86_64-fedora-clang, r-devel-linux-x86_64-fedora-gcc, r-devel-windows-ix86+x86_64, r-patched-linux-x86_64, r-patched-solaris-x86, r-release-linux-x86_64, r-release-windows-ix86+x86_64, r-release-osx-x86_64, r-oldrel-windows-ix86+x86_64, r-oldrel-osx-x86_64