CRAN Package Check Results for Package VMDecomp

Last updated on 2024-02-25 01:49:15 CET.

Flavor Version Tinstall Tcheck Ttotal Status Flags
r-devel-linux-x86_64-debian-clang 1.0.1 48.31 99.27 147.58 NOTE
r-devel-linux-x86_64-debian-gcc 1.0.1 38.02 94.98 133.00 NOTE
r-devel-linux-x86_64-fedora-clang 1.0.1 160.81 NOTE
r-devel-linux-x86_64-fedora-gcc 1.0.1 169.02 NOTE
r-devel-windows-x86_64 1.0.1 37.00 79.00 116.00 NOTE
r-patched-linux-x86_64 1.0.1 53.56 80.71 134.27 NOTE
r-release-linux-x86_64 1.0.1 42.83 77.43 120.26 NOTE
r-release-macos-arm64 1.0.1 46.00 NOTE
r-release-macos-x86_64 1.0.1 77.00 NOTE
r-release-windows-x86_64 1.0.1 47.00 98.00 145.00 NOTE
r-oldrel-macos-arm64 1.0.1 49.00 NOTE
r-oldrel-windows-x86_64 1.0.1 42.00 91.00 133.00 OK

Check Details

Version: 1.0.1
Check: C++ specification
Result: NOTE Specified C++11: please drop specification unless essential Flavors: r-devel-linux-x86_64-debian-clang, r-devel-linux-x86_64-debian-gcc, r-devel-linux-x86_64-fedora-clang, r-devel-linux-x86_64-fedora-gcc, r-devel-windows-x86_64, r-patched-linux-x86_64, r-release-linux-x86_64, r-release-macos-arm64, r-release-macos-x86_64, r-release-windows-x86_64

Version: 1.0.1
Check: installed package size
Result: NOTE installed size is 5.3Mb sub-directories of 1Mb or more: libs 3.8Mb Flavors: r-release-macos-arm64, r-release-macos-x86_64, r-oldrel-macos-arm64