CRAN Package Check Results for Package VSE

Last updated on 2018-02-21 20:47:43 CET.

Flavor Version Tinstall Tcheck Ttotal Status Flags
r-devel-linux-x86_64-debian-clang 0.99 11.53 290.82 302.35 OK
r-devel-linux-x86_64-debian-gcc 0.99 10.19 216.16 226.35 OK
r-devel-windows-ix86+x86_64 0.99 17.00 258.00 275.00 OK
r-patched-linux-x86_64 0.99 10.01 277.37 287.38 OK
r-patched-solaris-x86 0.99 460.30 OK
r-release-linux-x86_64 0.99 11.73 273.00 284.73 OK
r-release-windows-ix86+x86_64 0.99 27.00 353.00 380.00 OK
r-release-osx-x86_64 0.99 ERROR
r-oldrel-windows-ix86+x86_64 0.99 21.00 275.00 296.00 OK
r-oldrel-osx-x86_64 0.99 OK

Check Details

Version: 0.99
Check: package dependencies
Result: ERROR
    Package required but not available: ‘GenomicRanges’
    
    See section ‘The DESCRIPTION file’ in the ‘Writing R Extensions’
    manual.
Flavor: r-release-osx-x86_64