CRAN Package Check Results for Package VUROCS

Last updated on 2024-03-04 18:55:15 CET.

Flavor Version Tinstall Tcheck Ttotal Status Flags
r-devel-linux-x86_64-debian-clang 1.0 93.98 33.26 127.24 NOTE
r-devel-linux-x86_64-debian-gcc 1.0 73.67 25.51 99.18 NOTE
r-devel-linux-x86_64-fedora-clang 1.0 195.44 NOTE
r-devel-linux-x86_64-fedora-gcc 1.0 179.42 NOTE
r-devel-windows-x86_64 1.0 72.00 70.00 142.00 NOTE
r-patched-linux-x86_64 1.0 85.40 32.04 117.44 NOTE
r-release-linux-x86_64 1.0 89.76 31.86 121.62 NOTE
r-release-macos-arm64 1.0 44.00 NOTE
r-release-macos-x86_64 1.0 72.00 NOTE
r-release-windows-x86_64 1.0 91.00 74.00 165.00 NOTE
r-oldrel-macos-arm64 1.0 39.00 OK
r-oldrel-windows-x86_64 1.0 88.00 69.00 157.00 OK

Check Details

Version: 1.0
Check: C++ specification
Result: NOTE Specified C++11: please drop specification unless essential Flavors: r-devel-linux-x86_64-debian-clang, r-devel-linux-x86_64-debian-gcc, r-devel-linux-x86_64-fedora-clang, r-devel-linux-x86_64-fedora-gcc, r-devel-windows-x86_64, r-patched-linux-x86_64, r-release-linux-x86_64, r-release-macos-arm64, r-release-macos-x86_64, r-release-windows-x86_64