CRAN Package Check Results for Package VarSelLCM

Last updated on 2024-02-25 01:49:15 CET.

Flavor Version Tinstall Tcheck Ttotal Status Flags
r-devel-linux-x86_64-debian-clang 2.1.3.1 351.56 175.79 527.35 OK
r-devel-linux-x86_64-debian-gcc 2.1.3.1 268.35 114.21 382.56 OK
r-devel-linux-x86_64-fedora-clang 2.1.3.1 762.99 OK
r-devel-linux-x86_64-fedora-gcc 2.1.3.1 731.79 OK
r-devel-windows-x86_64 2.1.3.1 257.00 174.00 431.00 OK
r-patched-linux-x86_64 2.1.3.1 348.20 148.70 496.90 OK
r-release-linux-x86_64 2.1.3.1 343.03 147.32 490.35 OK
r-release-macos-arm64 2.1.3.1 175.00 NOTE
r-release-macos-x86_64 2.1.3.1 299.00 NOTE
r-release-windows-x86_64 2.1.3.1 328.00 205.00 533.00 OK
r-oldrel-macos-arm64 2.1.3.1 148.00 NOTE
r-oldrel-windows-x86_64 2.1.3.1 317.00 207.00 524.00 OK

Check Details

Version: 2.1.3.1
Check: installed package size
Result: NOTE installed size is 8.9Mb sub-directories of 1Mb or more: libs 8.1Mb Flavors: r-release-macos-arm64, r-release-macos-x86_64, r-oldrel-macos-arm64