CRAN Package Check Results for Package VarSelLCM

Last updated on 2020-01-21 21:48:18 CET.

Flavor Version Tinstall Tcheck Ttotal Status Flags
r-devel-linux-x86_64-debian-clang 2.1.3 298.15 145.93 444.08 NOTE
r-devel-linux-x86_64-debian-gcc 2.1.3 203.79 106.04 309.83 NOTE
r-devel-linux-x86_64-fedora-clang 2.1.3 603.36 NOTE
r-devel-linux-x86_64-fedora-gcc 2.1.3 581.15 NOTE
r-devel-windows-ix86+x86_64 2.1.3 749.00 294.00 1043.00 NOTE
r-devel-windows-ix86+x86_64-gcc8 2.1.3 856.00 279.00 1135.00 NOTE
r-patched-linux-x86_64 2.1.3 239.40 121.16 360.56 NOTE
r-patched-solaris-x86 2.1.3 520.70 NOTE
r-release-linux-x86_64 2.1.3 230.89 123.04 353.93 NOTE
r-release-windows-ix86+x86_64 2.1.3 581.00 196.00 777.00 NOTE
r-release-osx-x86_64 2.1.3 NOTE
r-oldrel-windows-ix86+x86_64 2.1.3 470.00 181.00 651.00 OK
r-oldrel-osx-x86_64 2.1.3 NOTE

Check Details

Version: 2.1.3
Check: line endings in C/C++/Fortran sources/headers
Result: NOTE
    Found the following sources/headers not terminated with a newline:
     inst/include/Algorithm.h
     inst/include/AlgorithmCategorical.h
     inst/include/AlgorithmContinuous.h
     inst/include/AlgorithmInteger.h
     inst/include/AlgorithmMixed.h
     inst/include/Data.h
     inst/include/DataCategorical.h
     inst/include/DataContinuous.h
     inst/include/DataInteger.h
     inst/include/DataMixed.h
     inst/include/Param.h
     inst/include/ParamCategorical.h
     inst/include/ParamContinuous.h
     inst/include/ParamInteger.h
     inst/include/ParamMixed.h
     inst/include/XEM.h
     inst/include/XEMCategorical.h
     inst/include/XEMContinuous.h
     inst/include/XEMInteger.h
     inst/include/XEMMixed.h
     inst/include/XEMPen.h
    Some compilers warn on such files.
Flavors: r-devel-linux-x86_64-debian-clang, r-devel-linux-x86_64-debian-gcc, r-devel-linux-x86_64-fedora-clang, r-devel-linux-x86_64-fedora-gcc, r-devel-windows-ix86+x86_64, r-devel-windows-ix86+x86_64-gcc8, r-patched-linux-x86_64, r-patched-solaris-x86, r-release-linux-x86_64, r-release-windows-ix86+x86_64, r-release-osx-x86_64

Version: 2.1.3
Check: installed package size
Result: NOTE
     installed size is 10.6Mb
     sub-directories of 1Mb or more:
     libs 9.9Mb
Flavors: r-devel-linux-x86_64-fedora-clang, r-release-osx-x86_64, r-oldrel-osx-x86_64