CRAN Package Check Results for Package VarfromPDB

Last updated on 2018-02-19 19:48:04 CET.

Flavor Version Tinstall Tcheck Ttotal Status Flags
r-devel-linux-x86_64-debian-clang 2.2.7 4.75 36.27 41.02 OK
r-devel-linux-x86_64-debian-gcc 2.2.7 4.10 33.72 37.82 OK
r-devel-linux-x86_64-fedora-clang 2.2.7 57.28 OK
r-devel-linux-x86_64-fedora-gcc 2.2.7 55.64 OK
r-devel-windows-ix86+x86_64 2.2.7 7.00 50.00 57.00 OK
r-patched-linux-x86_64 2.2.7 2.49 43.72 46.21 OK
r-patched-solaris-x86 2.2.7 75.70 OK
r-release-linux-x86_64 2.2.7 2.00 43.41 45.41 OK
r-release-windows-ix86+x86_64 2.2.7 7.00 78.00 85.00 OK
r-release-osx-x86_64 2.2.7 OK
r-oldrel-windows-ix86+x86_64 2.2.6 8.00 63.00 71.00 OK
r-oldrel-osx-x86_64 2.2.7 ERROR

Check Details

Version: 2.2.7
Check: whether package can be installed
Result: ERROR
    Installation failed.
Flavor: r-oldrel-osx-x86_64