Last updated on 2023-12-03 06:49:13 CET.
Flavor | Version | Tinstall | Tcheck | Ttotal | Status | Flags |
---|---|---|---|---|---|---|
r-devel-linux-x86_64-debian-clang | 0.2.1 | 9.16 | 88.45 | 97.61 | NOTE | |
r-devel-linux-x86_64-debian-gcc | 0.2.1 | 7.18 | 67.44 | 74.62 | NOTE | |
r-devel-linux-x86_64-fedora-clang | 0.2.1 | 119.81 | OK | |||
r-devel-linux-x86_64-fedora-gcc | 0.2.1 | 123.21 | OK | |||
r-devel-windows-x86_64 | 0.2.1 | 8.00 | 81.00 | 89.00 | OK | |
r-patched-linux-x86_64 | 0.2.1 | 7.95 | 86.85 | 94.80 | OK | |
r-release-linux-x86_64 | 0.2.1 | 7.94 | 86.87 | 94.81 | OK | |
r-release-macos-arm64 | 0.2.1 | 39.00 | OK | |||
r-release-macos-x86_64 | 0.2.1 | 65.00 | OK | |||
r-release-windows-x86_64 | 0.2.1 | 10.00 | 95.00 | 105.00 | OK | |
r-oldrel-macos-arm64 | 0.2.1 | 33.00 | OK | |||
r-oldrel-macos-x86_64 | 0.2.1 | 54.00 | OK | |||
r-oldrel-windows-x86_64 | 0.2.1 | 11.00 | 97.00 | 108.00 | OK |
Version: 0.2.1
Check: Rd files
Result: NOTE
checkRd: (-1) simulateDCSIS.Rd:40: Lost braces
40 | Y = 6*X1 + 1.5*X2 + 9*1{X12 < 0} + exp(2*X22)*e
| ^
checkRd: (-1) simulateDCSIS.Rd:42: Lost braces
42 | Y = 6*X1 + 1.5*X2 + 9*1{X12 < 0} + 6*X22 + e
| ^
Flavors: r-devel-linux-x86_64-debian-clang, r-devel-linux-x86_64-debian-gcc