CRAN Package Check Results for Package VertexSort

Last updated on 2019-02-21 01:51:06 CET.

Flavor Version Tinstall Tcheck Ttotal Status Flags
r-devel-linux-x86_64-debian-clang 0.1-1 2.42 49.70 52.12 OK
r-devel-linux-x86_64-debian-gcc 0.1-1 1.64 38.03 39.67 OK
r-devel-linux-x86_64-fedora-clang 0.1-1 65.64 OK
r-devel-linux-x86_64-fedora-gcc 0.1-1 62.53 OK
r-devel-windows-ix86+x86_64 0.1-1 6.00 87.00 93.00 OK
r-patched-linux-x86_64 0.1-1 NOTE
r-patched-solaris-x86 0.1-1 96.70 OK
r-release-linux-x86_64 0.1-1 NOTE
r-release-windows-ix86+x86_64 0.1-1 5.00 88.00 93.00 OK
r-release-osx-x86_64 0.1-1 OK
r-oldrel-windows-ix86+x86_64 0.1-1 3.00 90.00 93.00 OK
r-oldrel-osx-x86_64 0.1-1 OK

Check Details

Version: 0.1-1
Check: DESCRIPTION meta-information
Result: NOTE
    Dependence on R version ‘3.3.2’ not with patchlevel 0
Flavors: r-patched-linux-x86_64, r-release-linux-x86_64