CRAN Package Check Results for Package VertexSort

Last updated on 2018-05-24 08:49:13 CEST.

Flavor Version Tinstall Tcheck Ttotal Status Flags
r-devel-linux-x86_64-debian-clang 0.1-1 1.74 43.41 45.15 OK
r-devel-linux-x86_64-debian-gcc 0.1-1 1.82 35.97 37.79 OK
r-devel-linux-x86_64-fedora-clang 0.1-1 57.13 OK
r-devel-linux-x86_64-fedora-gcc 0.1-1 56.26 OK
r-devel-windows-ix86+x86_64 0.1-1 3.00 78.00 81.00 OK
r-patched-linux-x86_64 0.1-1 2.45 48.19 50.64 NOTE
r-patched-solaris-x86 0.1-1 90.50 OK
r-release-linux-x86_64 0.1-1 2.29 45.63 47.92 NOTE
r-release-windows-ix86+x86_64 0.1-1 5.00 57.00 62.00 OK
r-release-osx-x86_64 0.1-1 OK
r-oldrel-windows-ix86+x86_64 0.1-1 6.00 54.00 60.00 OK
r-oldrel-osx-x86_64 0.1-1 OK

Check Details

Version: 0.1-1
Check: DESCRIPTION meta-information
Result: NOTE
    Dependence on R version ‘3.3.2’ not with patchlevel 0
Flavors: r-patched-linux-x86_64, r-release-linux-x86_64