CRAN Package Check Results for Package VertexSort

Last updated on 2018-08-19 11:48:13 CEST.

Flavor Version Tinstall Tcheck Ttotal Status Flags
r-devel-linux-x86_64-debian-clang 0.1-1 1.70 47.20 48.90 OK
r-devel-linux-x86_64-debian-gcc 0.1-1 1.63 37.00 38.63 OK
r-devel-linux-x86_64-fedora-clang 0.1-1 59.78 OK
r-devel-linux-x86_64-fedora-gcc 0.1-1 56.47 OK
r-devel-windows-ix86+x86_64 0.1-1 5.00 83.00 88.00 OK
r-patched-linux-x86_64 0.1-1 1.85 45.78 47.63 NOTE
r-patched-solaris-x86 0.1-1 92.80 OK
r-release-linux-x86_64 0.1-1 2.20 45.96 48.16 NOTE
r-release-windows-ix86+x86_64 0.1-1 6.00 79.00 85.00 OK
r-release-osx-x86_64 0.1-1 OK
r-oldrel-windows-ix86+x86_64 0.1-1 2.00 64.00 66.00 OK
r-oldrel-osx-x86_64 0.1-1 OK

Check Details

Version: 0.1-1
Check: DESCRIPTION meta-information
Result: NOTE
    Dependence on R version ‘3.3.2’ not with patchlevel 0
Flavors: r-patched-linux-x86_64, r-release-linux-x86_64