CRAN Package Check Results for Package VertexSort

Last updated on 2018-02-25 20:47:09 CET.

Flavor Version Tinstall Tcheck Ttotal Status Flags
r-devel-linux-x86_64-debian-clang 0.1-1 1.98 46.49 48.47 NOTE
r-devel-linux-x86_64-debian-gcc 0.1-1 1.18 35.55 36.73 NOTE
r-devel-linux-x86_64-fedora-clang 0.1-1 57.24 NOTE
r-devel-linux-x86_64-fedora-gcc 0.1-1 54.39 NOTE
r-devel-windows-ix86+x86_64 0.1-1 6.00 76.00 82.00 OK
r-patched-linux-x86_64 0.1-1 1.14 51.51 52.65 OK
r-patched-solaris-x86 0.1-1 82.00 OK
r-release-linux-x86_64 0.1-1 0.93 48.74 49.67 OK
r-release-windows-ix86+x86_64 0.1-1 4.00 82.00 86.00 OK
r-release-osx-x86_64 0.1-1 OK
r-oldrel-windows-ix86+x86_64 0.1-1 3.00 61.00 64.00 OK
r-oldrel-osx-x86_64 0.1-1 OK

Check Details

Version: 0.1-1
Check: DESCRIPTION meta-information
Result: NOTE
    Dependence on R version ‘3.3.2’ not with patchlevel 0
Flavors: r-devel-linux-x86_64-debian-clang, r-devel-linux-x86_64-debian-gcc, r-devel-linux-x86_64-fedora-clang, r-devel-linux-x86_64-fedora-gcc