CRAN Package Check Results for Package VertexSort

Last updated on 2018-11-18 14:46:55 CET.

Flavor Version Tinstall Tcheck Ttotal Status Flags
r-devel-linux-x86_64-debian-clang 0.1-1 1.98 47.64 49.62 OK
r-devel-linux-x86_64-debian-gcc 0.1-1 1.76 37.47 39.23 OK
r-devel-linux-x86_64-fedora-clang 0.1-1 57.98 OK
r-devel-linux-x86_64-fedora-gcc 0.1-1 57.07 OK
r-devel-windows-ix86+x86_64 0.1-1 5.00 75.00 80.00 OK
r-patched-linux-x86_64 0.1-1 1.93 46.15 48.08 NOTE
r-patched-solaris-x86 0.1-1 94.40 OK
r-release-linux-x86_64 0.1-1 2.29 46.57 48.86 NOTE
r-release-windows-ix86+x86_64 0.1-1 6.00 63.00 69.00 OK
r-release-osx-x86_64 0.1-1 OK
r-oldrel-windows-ix86+x86_64 0.1-1 5.00 87.00 92.00 OK
r-oldrel-osx-x86_64 0.1-1 OK

Check Details

Version: 0.1-1
Check: DESCRIPTION meta-information
Result: NOTE
    Dependence on R version ‘3.3.2’ not with patchlevel 0
Flavors: r-patched-linux-x86_64, r-release-linux-x86_64