CRAN Package Check Results for Package ViSiElse

Last updated on 2018-10-16 08:48:57 CEST.

Flavor Version Tinstall Tcheck Ttotal Status Flags
r-release-osx-x86_64 1.2.0 WARN
r-oldrel-osx-x86_64 1.2.0 OK

Check Details

Version: 1.2.0
Check: examples
Result: WARN
    Found the following significant warnings:
    
     Warning: 'rBind' is deprecated.
    Deprecated functions may be defunct as soon as of the next release of
    R.
    See ?Deprecated.
Flavor: r-release-osx-x86_64