CRAN Package Check Results for Package ViSiElse

Last updated on 2018-05-24 11:50:02 CEST.

Flavor Version Tinstall Tcheck Ttotal Status Flags
r-devel-linux-x86_64-debian-clang 1.2.0 9.54 86.46 96.00 WARN
r-devel-linux-x86_64-debian-gcc 1.2.0 9.01 74.89 83.90 WARN
r-devel-windows-ix86+x86_64 1.2.0 15.00 110.00 125.00 WARN
r-patched-linux-x86_64 1.2.0 10.53 83.42 93.95 WARN
r-patched-solaris-x86 1.2.0 165.50 WARN
r-release-linux-x86_64 1.2.0 9.29 83.64 92.93 WARN
r-release-windows-ix86+x86_64 1.2.0 18.00 120.00 138.00 WARN
r-release-osx-x86_64 1.2.0 WARN
r-oldrel-windows-ix86+x86_64 1.2.0 13.00 135.00 148.00 WARN
r-oldrel-osx-x86_64 1.2.0 OK

Check Details

Version: 1.2.0
Check: examples
Result: WARN
    Found the following significant warnings:
    
     Warning: 'rBind' is deprecated.
    Deprecated functions may be defunct as soon as of the next release of
    R.
    See ?Deprecated.
    Examples with CPU or elapsed time > 5s
     user system elapsed
    ViSiElse 5.609 0.02 5.63
Flavor: r-devel-linux-x86_64-debian-clang

Version: 1.2.0
Check: examples
Result: WARN
    Found the following significant warnings:
    
     Warning: 'rBind' is deprecated.
    Deprecated functions may be defunct as soon as of the next release of
    R.
    See ?Deprecated.
    Examples with CPU or elapsed time > 5s
     user system elapsed
    ViSiElse 5.146 0.028 8.94
Flavor: r-devel-linux-x86_64-debian-gcc

Version: 1.2.0
Check: examples
Result: WARN
    Found the following significant warnings:
    
     Warning: 'rBind' is deprecated.
    Deprecated functions may be defunct as soon as of the next release of
    R.
    See ?Deprecated.
Flavors: r-devel-windows-ix86+x86_64, r-patched-solaris-x86, r-release-windows-ix86+x86_64, r-release-osx-x86_64, r-oldrel-windows-ix86+x86_64

Version: 1.2.0
Check: examples
Result: WARN
    Found the following significant warnings:
    
     Warning: 'rBind' is deprecated.
    Deprecated functions may be defunct as soon as of the next release of
    R.
    See ?Deprecated.
    Examples with CPU or elapsed time > 5s
     user system elapsed
    ViSiElse 5.99 0.02 8.388
Flavor: r-patched-linux-x86_64

Version: 1.2.0
Check: examples
Result: WARN
    Found the following significant warnings:
    
     Warning: 'rBind' is deprecated.
    Deprecated functions may be defunct as soon as of the next release of
    R.
    See ?Deprecated.
    Examples with CPU or elapsed time > 5s
     user system elapsed
    ViSiElse 6.102 0.019 8.541
Flavor: r-release-linux-x86_64