CRAN Package Check Results for Package VisitorCounts

Last updated on 2022-01-17 01:48:39 CET.

Flavor Version Tinstall Tcheck Ttotal Status Flags
r-devel-linux-x86_64-debian-clang 1.0.0 6.71 97.85 104.56 OK
r-devel-linux-x86_64-debian-gcc 1.0.0 6.83 81.25 88.08 OK
r-devel-linux-x86_64-fedora-clang 1.0.0 128.65 NOTE
r-devel-linux-x86_64-fedora-gcc 1.0.0 113.48 NOTE
r-devel-windows-x86_64-new-UL 1.0.0 96.00 122.00 218.00 OK
r-devel-windows-x86_64-new-TK 1.0.0 NOTE
r-patched-linux-x86_64 1.0.0 6.43 89.59 96.02 OK
r-release-linux-x86_64 1.0.0 OK
r-release-macos-arm64 1.0.0 NOTE
r-release-macos-x86_64 1.0.0 NOTE
r-release-windows-ix86+x86_64 1.0.0 19.00 111.00 130.00 OK
r-oldrel-macos-x86_64 1.0.0 NOTE
r-oldrel-windows-ix86+x86_64 1.0.0 20.00 111.00 131.00 OK

Check Details

Version: 1.0.0
Check: dependencies in R code
Result: NOTE
    Namespaces in Imports field not imported from:
     ‘ggplot2’ ‘ggthemes’ ‘tibble’
     All declared Imports should be used.
Flavors: r-devel-linux-x86_64-fedora-clang, r-devel-linux-x86_64-fedora-gcc, r-devel-windows-x86_64-new-TK, r-release-macos-arm64, r-release-macos-x86_64, r-oldrel-macos-x86_64