CRAN Package Check Results for Package W3CMarkupValidator

Last updated on 2022-12-07 08:54:36 CET.

Flavor Version Tinstall Tcheck Ttotal Status Flags
r-devel-linux-x86_64-debian-clang 0.1-6 2.09 25.58 27.67 OK
r-devel-linux-x86_64-debian-gcc 0.1-6 1.77 20.32 22.09 OK
r-devel-linux-x86_64-fedora-clang 0.1-6 45.70 NOTE
r-devel-linux-x86_64-fedora-gcc 0.1-6 44.09 OK
r-devel-windows-x86_64 0.1-6 48.00 56.00 104.00 OK
r-patched-linux-x86_64 0.1-6 1.95 24.54 26.49 OK
r-release-linux-x86_64 0.1-6 2.32 25.02 27.34 OK
r-release-macos-arm64 0.1-6 15.00 OK
r-release-macos-x86_64 0.1-6 25.00 OK
r-release-windows-x86_64 0.1-6 30.00 58.00 88.00 OK
r-oldrel-macos-arm64 0.1-6 19.00 OK
r-oldrel-macos-x86_64 0.1-6 28.00 OK
r-oldrel-windows-ix86+x86_64 0.1-6 5.00 49.00 54.00 OK

Check Details

Version: 0.1-6
Check: Rd cross-references
Result: NOTE
    Undeclared package ‘RCurl’ in Rd xrefs
Flavor: r-devel-linux-x86_64-fedora-clang