CRAN Package Check Results for Package WDI

Last updated on 2020-01-27 02:47:37 CET.

Flavor Version Tinstall Tcheck Ttotal Status Flags
r-devel-linux-x86_64-debian-clang 2.6.0 2.50 22.97 25.47 OK
r-devel-linux-x86_64-debian-gcc 2.6.0 2.15 18.59 20.74 OK
r-devel-linux-x86_64-fedora-clang 2.6.0 31.49 NOTE
r-devel-linux-x86_64-fedora-gcc 2.6.0 30.41 NOTE
r-devel-windows-ix86+x86_64 2.6.0 8.00 58.00 66.00 OK
r-devel-windows-ix86+x86_64-gcc8 2.6.0 7.00 54.00 61.00 OK
r-patched-linux-x86_64 2.6.0 1.98 20.86 22.84 OK
r-patched-solaris-x86 2.6.0 47.50 NOTE
r-release-linux-x86_64 2.6.0 1.88 20.96 22.84 OK
r-release-windows-ix86+x86_64 2.6.0 5.00 38.00 43.00 OK
r-release-osx-x86_64 2.6.0 NOTE
r-oldrel-windows-ix86+x86_64 2.6.0 3.00 37.00 40.00 OK
r-oldrel-osx-x86_64 2.6.0 NOTE

Check Details

Version: 2.6.0
Check: data for non-ASCII characters
Result: NOTE
     Note: found 1442 marked UTF-8 strings
Flavors: r-devel-linux-x86_64-fedora-clang, r-devel-linux-x86_64-fedora-gcc, r-patched-solaris-x86, r-release-osx-x86_64, r-oldrel-osx-x86_64