CRAN Package Check Results for Package WDI

Last updated on 2019-09-16 00:47:56 CEST.

Flavor Version Tinstall Tcheck Ttotal Status Flags
r-devel-linux-x86_64-debian-clang 2.6.0 2.50 21.62 24.12 OK
r-devel-linux-x86_64-debian-gcc 2.6.0 1.82 17.27 19.09 OK
r-devel-linux-x86_64-fedora-clang 2.6.0 30.02 NOTE
r-devel-linux-x86_64-fedora-gcc 2.6.0 28.99 NOTE
r-devel-windows-ix86+x86_64 2.6.0 8.00 38.00 46.00 OK
r-patched-linux-x86_64 2.6.0 1.94 21.85 23.79 OK
r-patched-solaris-x86 2.6.0 47.00 NOTE
r-release-linux-x86_64 2.6.0 1.93 21.71 23.64 OK
r-release-windows-ix86+x86_64 2.6.0 7.00 38.00 45.00 OK
r-release-osx-x86_64 2.6.0 NOTE
r-oldrel-windows-ix86+x86_64 2.6.0 8.00 57.00 65.00 OK
r-oldrel-osx-x86_64 2.6.0 NOTE

Check Details

Version: 2.6.0
Check: data for non-ASCII characters
Result: NOTE
     Note: found 1442 marked UTF-8 strings
Flavors: r-devel-linux-x86_64-fedora-clang, r-devel-linux-x86_64-fedora-gcc, r-patched-solaris-x86, r-release-osx-x86_64, r-oldrel-osx-x86_64