CRAN Package Check Results for Package WINS

Last updated on 2022-08-09 01:55:04 CEST.

Flavor Version Tinstall Tcheck Ttotal Status Flags
r-devel-linux-x86_64-debian-clang 1.2 5.90 252.84 258.74 OK
r-devel-linux-x86_64-debian-gcc 1.2 4.41 176.82 181.23 OK
r-devel-linux-x86_64-fedora-clang 1.2 305.49 OK
r-devel-linux-x86_64-fedora-gcc 1.2 303.85 OK
r-devel-windows-x86_64 1.2 12.00 276.00 288.00 OK
r-patched-linux-x86_64 1.2 6.15 239.37 245.52 OK
r-release-linux-x86_64 1.2 OK
r-release-macos-arm64 1.2 75.00 OK
r-release-macos-x86_64 1.2 110.00 OK
r-release-windows-x86_64 1.2 14.00 280.00 294.00 OK
r-oldrel-macos-arm64 1.2 67.00 OK
r-oldrel-macos-x86_64 1.2 110.00 OK
r-oldrel-windows-ix86+x86_64 1.2 12.00 301.00 313.00 ERROR

Check Details

Version: 1.2
Check: re-building of vignette outputs
Result: WARN
    Error(s) in re-building vignettes:
    --- re-building 'vignette.Rmd' using rmarkdown
    ! Package inputenc Error: Unicode char â<c2><80><c2><90> (U+2010)
    (inputenc) not set up for use with LaTeX.
    
    Error: processing vignette 'vignette.Rmd' failed with diagnostics:
    LaTeX failed to compile d:/RCompile/CRANpkg/local/4.1/WINS.Rcheck/vign_test/WINS/vignettes/vignette.tex. See https://yihui.org/tinytex/r/#debugging for debugging tips. See vignette.log for more info.
    --- failed re-building 'vignette.Rmd'
    
    SUMMARY: processing the following file failed:
     'vignette.Rmd'
    
    Error: Vignette re-building failed.
    Execution halted
Flavor: r-oldrel-windows-ix86+x86_64

Version: 1.2
Check: PDF version of manual
Result: WARN
    LaTeX errors when creating PDF version.
    This typically indicates Rd problems.
    LaTeX errors found:
    ! Package inputenc Error: Unicode char â<c2><80><c2><90> (U+2010)
    (inputenc) not set up for use with LaTeX.
    
    See the inputenc package documentation for explanation.
    Type H <return> for immediate help.
    ! Package inputenc Error: Unicode char â<c2><80><c2><90> (U+2010)
    (inputenc) not set up for use with LaTeX.
    
    See the inputenc package documentation for explanation.
    Type H <return> for immediate help.
Flavor: r-oldrel-windows-ix86+x86_64

Version: 1.2
Check: PDF version of manual without hyperrefs or index
Result: ERROR
Flavor: r-oldrel-windows-ix86+x86_64